{"id":196891,"date":"2022-11-14T11:41:18","date_gmt":"2022-11-14T14:41:18","guid":{"rendered":"https:\/\/www.livrariarema.com.br\/loja\/produtos\/sem categoria\/arc085tilsgilv-biblia-letra-supergigante-com-indice-rosa-e-marrom\/"},"modified":"2026-04-29T13:51:27","modified_gmt":"2026-04-29T16:51:27","slug":"arc085tilsgilv-biblia-letra-supergigante-com-indice-rosa-e-marrom","status":"publish","type":"product","link":"https:\/\/www.livrariarema.com.br\/loja\/produtos\/biblias\/revista-corrigida-biblias\/arc085tilsgilv-biblia-letra-supergigante-com-indice-rosa-e-marrom\/","title":{"rendered":"Arc085tilsgilv &#8211; Biblia Letra Supergigante &#8211; Com \u00cdndice &#8211; Rosa E Marrom"},"content":{"rendered":"<p>Com um visual elegante e moderno, a B\u00edblia com letra supergigante oferece uma experi\u00eancia de leitura mais din\u00e2mica e agrad\u00e1vel.<\/p>\n","protected":false},"excerpt":{"rendered":"<p>Com um visual elegante e moderno, a B\u00edblia com letra supergigante oferece uma experi\u00eancia de leitura mais din\u00e2mica e agrad\u00e1vel.<\/p>\n","protected":false},"featured_media":347542,"comment_status":"open","ping_status":"closed","template":"","meta":[],"product_cat":[139,149],"product_tag":[],"_links":{"self":[{"href":"https:\/\/www.livrariarema.com.br\/loja\/wp-json\/wp\/v2\/product\/196891"}],"collection":[{"href":"https:\/\/www.livrariarema.com.br\/loja\/wp-json\/wp\/v2\/product"}],"about":[{"href":"https:\/\/www.livrariarema.com.br\/loja\/wp-json\/wp\/v2\/types\/product"}],"replies":[{"embeddable":true,"href":"https:\/\/www.livrariarema.com.br\/loja\/wp-json\/wp\/v2\/comments?post=196891"}],"wp:featuredmedia":[{"embeddable":true,"href":"https:\/\/www.livrariarema.com.br\/loja\/wp-json\/wp\/v2\/media\/347542"}],"wp:attachment":[{"href":"https:\/\/www.livrariarema.com.br\/loja\/wp-json\/wp\/v2\/media?parent=196891"}],"wp:term":[{"taxonomy":"product_cat","embeddable":true,"href":"https:\/\/www.livrariarema.com.br\/loja\/wp-json\/wp\/v2\/product_cat?post=196891"},{"taxonomy":"product_tag","embeddable":true,"href":"https:\/\/www.livrariarema.com.br\/loja\/wp-json\/wp\/v2\/product_tag?post=196891"}],"curies":[{"name":"wp","href":"https:\/\/api.w.org\/{rel}","templated":true}]}}