{"id":200108,"date":"2022-12-02T13:33:52","date_gmt":"2022-12-02T16:33:52","guid":{"rendered":"https:\/\/www.livrariarema.com.br\/loja\/produtos\/sem categoria\/caderno-universitario-80-folhas-executivo-cambridge\/"},"modified":"2026-01-19T16:30:39","modified_gmt":"2026-01-19T19:30:39","slug":"caderno-universitario-80-folhas-executivo-cambridge","status":"publish","type":"product","link":"https:\/\/www.livrariarema.com.br\/loja\/produtos\/promocao\/papelaria-promocao\/caderno-universitario-80-folhas-executivo-cambridge\/","title":{"rendered":"Caderno Universit\u00e1rio 80 Folhas &#8211; Executivo &#8211; Cambridge"},"content":{"rendered":"<p>O Caderno Executivo Espiral Capa Dura Universit\u00e1rio Cambridge 80 Folhas \u00e9 ideal para o dia a dia. Este produto possui capa dura, bolsa pl\u00e1stica para guardar anota\u00e7\u00f5es e folhas pautadas.<\/p>\n","protected":false},"excerpt":{"rendered":"<p>O Caderno Executivo Espiral Capa Dura Universit\u00e1rio Cambridge 80 Folhas \u00e9 ideal para o dia a dia. Este produto possui&hellip;<\/p>\n","protected":false},"featured_media":342859,"comment_status":"open","ping_status":"closed","template":"","meta":[],"product_cat":[307,142],"product_tag":[],"_links":{"self":[{"href":"https:\/\/www.livrariarema.com.br\/loja\/wp-json\/wp\/v2\/product\/200108"}],"collection":[{"href":"https:\/\/www.livrariarema.com.br\/loja\/wp-json\/wp\/v2\/product"}],"about":[{"href":"https:\/\/www.livrariarema.com.br\/loja\/wp-json\/wp\/v2\/types\/product"}],"replies":[{"embeddable":true,"href":"https:\/\/www.livrariarema.com.br\/loja\/wp-json\/wp\/v2\/comments?post=200108"}],"wp:featuredmedia":[{"embeddable":true,"href":"https:\/\/www.livrariarema.com.br\/loja\/wp-json\/wp\/v2\/media\/342859"}],"wp:attachment":[{"href":"https:\/\/www.livrariarema.com.br\/loja\/wp-json\/wp\/v2\/media?parent=200108"}],"wp:term":[{"taxonomy":"product_cat","embeddable":true,"href":"https:\/\/www.livrariarema.com.br\/loja\/wp-json\/wp\/v2\/product_cat?post=200108"},{"taxonomy":"product_tag","embeddable":true,"href":"https:\/\/www.livrariarema.com.br\/loja\/wp-json\/wp\/v2\/product_tag?post=200108"}],"curies":[{"name":"wp","href":"https:\/\/api.w.org\/{rel}","templated":true}]}}