{"id":200192,"date":"2022-12-02T15:57:14","date_gmt":"2022-12-02T18:57:14","guid":{"rendered":"https:\/\/www.livrariarema.com.br\/loja\/produtos\/sem categoria\/agenda-pratika-m6-permanente\/"},"modified":"2024-09-29T16:31:25","modified_gmt":"2024-09-29T19:31:25","slug":"agenda-pratika-m6-permanente","status":"publish","type":"product","link":"https:\/\/www.livrariarema.com.br\/loja\/produtos\/papelaria\/agenda\/agenda-pratika-m6-permanente\/","title":{"rendered":"Agenda &#8211; Pr\u00e1tika M6 &#8211; Permanente"},"content":{"rendered":"<p>A Agenda Executiva Costurada Di\u00e1ria 14,5 x 20,5 cm Pr\u00e1tika Permanente tem vis\u00e3o permanente, 1 dia por p\u00e1gina. Possui capa revestida em material especial. Ideal para a organiza\u00e7\u00e3o do dia a dia, em casa ou no trabalho.<\/p>\n<p>Detalhes:<br \/>\nCapa: com material especial e dura<br \/>\nFitilho<br \/>\nProduto certificado: FSC<br \/>\nVis\u00e3o: di\u00e1ria e permanente<br \/>\nFormato: 145mm x 205mm<br \/>\nGramatura: 63 g\/m\u00b2<br \/>\nN\u00famero de folhas: 192 folhas<\/p>\n","protected":false},"excerpt":{"rendered":"<p>A Agenda Executiva Costurada Di\u00e1ria 14,5 x 20,5 cm Pr\u00e1tika Permanente tem vis\u00e3o permanente, 1 dia por p\u00e1gina. Possui capa&hellip;<\/p>\n","protected":false},"featured_media":274183,"comment_status":"open","ping_status":"closed","template":"","meta":[],"product_cat":[248,215],"product_tag":[],"_links":{"self":[{"href":"https:\/\/www.livrariarema.com.br\/loja\/wp-json\/wp\/v2\/product\/200192"}],"collection":[{"href":"https:\/\/www.livrariarema.com.br\/loja\/wp-json\/wp\/v2\/product"}],"about":[{"href":"https:\/\/www.livrariarema.com.br\/loja\/wp-json\/wp\/v2\/types\/product"}],"replies":[{"embeddable":true,"href":"https:\/\/www.livrariarema.com.br\/loja\/wp-json\/wp\/v2\/comments?post=200192"}],"wp:featuredmedia":[{"embeddable":true,"href":"https:\/\/www.livrariarema.com.br\/loja\/wp-json\/wp\/v2\/media\/274183"}],"wp:attachment":[{"href":"https:\/\/www.livrariarema.com.br\/loja\/wp-json\/wp\/v2\/media?parent=200192"}],"wp:term":[{"taxonomy":"product_cat","embeddable":true,"href":"https:\/\/www.livrariarema.com.br\/loja\/wp-json\/wp\/v2\/product_cat?post=200192"},{"taxonomy":"product_tag","embeddable":true,"href":"https:\/\/www.livrariarema.com.br\/loja\/wp-json\/wp\/v2\/product_tag?post=200192"}],"curies":[{"name":"wp","href":"https:\/\/api.w.org\/{rel}","templated":true}]}}

Agenda &#8211; Prátika M6 &#8211; Permanente

<p>A Agenda Executiva Costurada Diária 14,5 x 20,5 cm Prátika Permanente tem visão permanente, 1 dia por página. Possui capa revestida em material especial. Ideal para a organização do dia a dia, em casa ou no trabalho.</p>
<p>Detalhes:<br />
Capa: com material especial e dura<br />
Fitilho<br />
Produto certificado: FSC<br />
Visão: diária e permanente<br />
Formato: 145mm x 205mm<br />
Gramatura: 63 g/m²<br />
Número de folhas: 192 folhas</p>

<p>A Agenda Executiva Costurada Diária 14,5 x 20,5 cm Prátika Permanente tem visão permanente, 1 dia por página. Possui capa&hellip;</p>
