{"id":201184,"date":"2022-12-06T18:06:28","date_gmt":"2022-12-06T21:06:28","guid":{"rendered":"https:\/\/www.livrariarema.com.br\/loja\/produtos\/sem categoria\/comentario-exegetico-colossenses-e-filemom-g-k-beale\/"},"modified":"2026-02-20T12:28:09","modified_gmt":"2026-02-20T15:28:09","slug":"comentario-exegetico-colossenses-e-filemom-g-k-beale","status":"publish","type":"product","link":"https:\/\/www.livrariarema.com.br\/loja\/produtos\/promocao\/livros-promocao\/comentario-exegetico-colossenses-e-filemom-g-k-beale\/","title":{"rendered":"Coment\u00e1rio Exeg\u00e9tico: Colossenses E Filemom &#8211; G. K. Beale"},"content":{"rendered":"<p>Neste extraordin\u00e1rio livro, G. K. Beale, um dos mais importantes estudiosos do Novo Testamento e autor best-seller, oferece um coment\u00e1rio evang\u00e9lico fundamental sobre Colossenses e Filemom. Com ampla pesquisa e criteriosa exegese cap\u00edtulo a cap\u00edtulo, Beale conduz o leitor por todos os aspectos sociol\u00f3gicos, hist\u00f3ricos e teol\u00f3gicos de Colossenses e Filemom, a fim de ajud\u00e1-lo a compreender melhor o sentido e a relev\u00e2ncia dessas duas ep\u00edstolas importantes.<br \/>\nComo parte da s\u00e9rie Coment\u00e1rio Exeg\u00e9tico, este volume apresenta a intera\u00e7\u00e3o detalhada do autor com as l\u00ednguas originais e alcan\u00e7a os dois objetivos da s\u00e9rie, sofistica\u00e7\u00e3o acad\u00eamica e acessibilidade, fazendo dele uma ferramenta \u00fatil para pastores, l\u00edderes, estudantes e professores.<\/p>\n","protected":false},"excerpt":{"rendered":"<p>Neste extraordin\u00e1rio livro, G. K. Beale, um dos mais importantes estudiosos do Novo Testamento e autor best-seller, oferece um coment\u00e1rio&hellip;<\/p>\n","protected":false},"featured_media":344912,"comment_status":"open","ping_status":"closed","template":"","meta":[],"product_cat":[143,142],"product_tag":[],"_links":{"self":[{"href":"https:\/\/www.livrariarema.com.br\/loja\/wp-json\/wp\/v2\/product\/201184"}],"collection":[{"href":"https:\/\/www.livrariarema.com.br\/loja\/wp-json\/wp\/v2\/product"}],"about":[{"href":"https:\/\/www.livrariarema.com.br\/loja\/wp-json\/wp\/v2\/types\/product"}],"replies":[{"embeddable":true,"href":"https:\/\/www.livrariarema.com.br\/loja\/wp-json\/wp\/v2\/comments?post=201184"}],"wp:featuredmedia":[{"embeddable":true,"href":"https:\/\/www.livrariarema.com.br\/loja\/wp-json\/wp\/v2\/media\/344912"}],"wp:attachment":[{"href":"https:\/\/www.livrariarema.com.br\/loja\/wp-json\/wp\/v2\/media?parent=201184"}],"wp:term":[{"taxonomy":"product_cat","embeddable":true,"href":"https:\/\/www.livrariarema.com.br\/loja\/wp-json\/wp\/v2\/product_cat?post=201184"},{"taxonomy":"product_tag","embeddable":true,"href":"https:\/\/www.livrariarema.com.br\/loja\/wp-json\/wp\/v2\/product_tag?post=201184"}],"curies":[{"name":"wp","href":"https:\/\/api.w.org\/{rel}","templated":true}]}}