{"id":202786,"date":"2022-12-12T15:00:28","date_gmt":"2022-12-12T18:00:28","guid":{"rendered":"https:\/\/www.livrariarema.com.br\/loja\/produtos\/sem categoria\/planner-blocado-semanal-cadersil-aba-pai-52-folhas\/"},"modified":"2026-04-16T14:03:15","modified_gmt":"2026-04-16T17:03:15","slug":"planner-blocado-semanal-cadersil-aba-pai-52-folhas","status":"publish","type":"product","link":"https:\/\/www.livrariarema.com.br\/loja\/produtos\/papelaria\/agenda\/planner-blocado-semanal-cadersil-aba-pai-52-folhas\/","title":{"rendered":"Planner Blocado &#8211; Semanal &#8211; Cadersil &#8211; Aba Pai &#8211; 52 Folhas"},"content":{"rendered":"<p>Diferenciais:<br \/>\nVis\u00e3o semanal.<\/p>\n<p>Informa\u00e7\u00f5es T\u00e9cnicas:<br \/>\nPlanner Blocado Semanal Permanente &#8211; 52 folhas<\/p>\n","protected":false},"excerpt":{"rendered":"<p>Diferenciais: Vis\u00e3o semanal. Informa\u00e7\u00f5es T\u00e9cnicas: Planner Blocado Semanal Permanente &#8211; 52 folhas<\/p>\n","protected":false},"featured_media":322111,"comment_status":"open","ping_status":"closed","template":"","meta":[],"product_cat":[248,215],"product_tag":[],"_links":{"self":[{"href":"https:\/\/www.livrariarema.com.br\/loja\/wp-json\/wp\/v2\/product\/202786"}],"collection":[{"href":"https:\/\/www.livrariarema.com.br\/loja\/wp-json\/wp\/v2\/product"}],"about":[{"href":"https:\/\/www.livrariarema.com.br\/loja\/wp-json\/wp\/v2\/types\/product"}],"replies":[{"embeddable":true,"href":"https:\/\/www.livrariarema.com.br\/loja\/wp-json\/wp\/v2\/comments?post=202786"}],"wp:featuredmedia":[{"embeddable":true,"href":"https:\/\/www.livrariarema.com.br\/loja\/wp-json\/wp\/v2\/media\/322111"}],"wp:attachment":[{"href":"https:\/\/www.livrariarema.com.br\/loja\/wp-json\/wp\/v2\/media?parent=202786"}],"wp:term":[{"taxonomy":"product_cat","embeddable":true,"href":"https:\/\/www.livrariarema.com.br\/loja\/wp-json\/wp\/v2\/product_cat?post=202786"},{"taxonomy":"product_tag","embeddable":true,"href":"https:\/\/www.livrariarema.com.br\/loja\/wp-json\/wp\/v2\/product_tag?post=202786"}],"curies":[{"name":"wp","href":"https:\/\/api.w.org\/{rel}","templated":true}]}}