{"id":210014,"date":"2023-01-12T14:55:09","date_gmt":"2023-01-12T17:55:09","guid":{"rendered":"https:\/\/www.livrariarema.com.br\/loja\/produtos\/sem categoria\/livro-de-historias-biblicas-de-jesus-sally-lloyd-jones-2\/"},"modified":"2025-10-08T15:12:54","modified_gmt":"2025-10-08T18:12:54","slug":"livro-de-historias-biblicas-de-jesus-sally-lloyd-jones-2","status":"publish","type":"product","link":"https:\/\/www.livrariarema.com.br\/loja\/produtos\/livros\/infantil-biblia\/livro-de-historias-biblicas-de-jesus-sally-lloyd-jones-2\/","title":{"rendered":"Livro De Historias B\u00edblicas De Jesus &#8211; Sally Lloyd-Jones"},"content":{"rendered":"<p>Este n\u00e3o \u00e9 um simples livro de Hist\u00f3rias B\u00edblicas. Al\u00e9m de cada conto ser retratado por maravilhosas ilustra\u00e7\u00f5es, em cada um, as crian\u00e7as vivenciar\u00e3o a maior hist\u00f3ria de todos os tempos &#8211; a hist\u00f3ria de Jesus.<br \/>\nMostre para suas crian\u00e7as que tudo o que aconteceu na humanidade, desde o Antigo Testamento, aponta para o nosso amado Rei, Senhor e Salvador Jesus Cristo. Uma experi\u00eancia que elas jamais esquecer\u00e3o.<\/p>\n","protected":false},"excerpt":{"rendered":"<p>Este n\u00e3o \u00e9 um simples livro de Hist\u00f3rias B\u00edblicas. Al\u00e9m de cada conto ser retratado por maravilhosas ilustra\u00e7\u00f5es, em cada&hellip;<\/p>\n","protected":false},"featured_media":335936,"comment_status":"open","ping_status":"closed","template":"","meta":[],"product_cat":[165,134],"product_tag":[],"_links":{"self":[{"href":"https:\/\/www.livrariarema.com.br\/loja\/wp-json\/wp\/v2\/product\/210014"}],"collection":[{"href":"https:\/\/www.livrariarema.com.br\/loja\/wp-json\/wp\/v2\/product"}],"about":[{"href":"https:\/\/www.livrariarema.com.br\/loja\/wp-json\/wp\/v2\/types\/product"}],"replies":[{"embeddable":true,"href":"https:\/\/www.livrariarema.com.br\/loja\/wp-json\/wp\/v2\/comments?post=210014"}],"wp:featuredmedia":[{"embeddable":true,"href":"https:\/\/www.livrariarema.com.br\/loja\/wp-json\/wp\/v2\/media\/335936"}],"wp:attachment":[{"href":"https:\/\/www.livrariarema.com.br\/loja\/wp-json\/wp\/v2\/media?parent=210014"}],"wp:term":[{"taxonomy":"product_cat","embeddable":true,"href":"https:\/\/www.livrariarema.com.br\/loja\/wp-json\/wp\/v2\/product_cat?post=210014"},{"taxonomy":"product_tag","embeddable":true,"href":"https:\/\/www.livrariarema.com.br\/loja\/wp-json\/wp\/v2\/product_tag?post=210014"}],"curies":[{"name":"wp","href":"https:\/\/api.w.org\/{rel}","templated":true}]}}