{"id":212300,"date":"2023-01-26T11:21:17","date_gmt":"2023-01-26T14:21:17","guid":{"rendered":"https:\/\/www.livrariarema.com.br\/loja\/produtos\/sem categoria\/hobbit-anotado-o-j-r-r-tolkien\/"},"modified":"2026-04-15T17:11:29","modified_gmt":"2026-04-15T20:11:29","slug":"hobbit-anotado-o-j-r-r-tolkien","status":"publish","type":"product","link":"https:\/\/www.livrariarema.com.br\/loja\/produtos\/livros\/ficcao\/hobbit-anotado-o-j-r-r-tolkien\/","title":{"rendered":"Hobbit Anotado, O &#8211; J. R. R. Tolkien"},"content":{"rendered":"<p>O guia mais completo de umas das aventuras mais famosas da fantasia!<\/p>\n<p>Raramente um livro foi t\u00e3o amplamente lido e amado como O Hobbit, de J.R.R Tolkien. Desde sua primeira publica\u00e7\u00e3o, em 1937, at\u00e9 os dias de hoje, essa pequena grande hist\u00f3ria segue encantando novas gera\u00e7\u00f5es de leitores em todo o mundo.<br \/>\nComo em todos os cl\u00e1ssicos, a repeti\u00e7\u00e3o da leitura traz, a cada vez, novos detalhes e perspectivas para a mente do leitor, e a Terra-m\u00e9dia de Tolkien \u00e9 uma vasta mina de tesouros e conhecimento, suas ra\u00edzes mergulhando profundamente no folclore, na mitologia e na linguagem. O Hobbit \u00e9, portanto, um livro ideal para anota\u00e7\u00f5es, pois al\u00e9m de oferecer uma hist\u00f3ria maravilhosa e fascinante, ele \u00e9 a porta de entrada para o mundo ricamente imaginado da Terra-m\u00e9dia.<br \/>\nEm O Hobbit Anotado, a j\u00e1 consagrada narrativa de Tolkien \u00e9 acompanhada pelas fascinantes anota\u00e7\u00f5es de Douglas Anderson, possibilitando ao leitor se aprofundar, n\u00e3o apenas na pr\u00f3pria hist\u00f3ria, mas no modo como foi escrita. Al\u00e9m disso, muitas das pr\u00f3prias ilustra\u00e7\u00f5es de Tolkien embelezam o texto, assim como imagens de edi\u00e7\u00f5es estrangeiras e mapas. O volume cont\u00e9m ainda, poemas in\u00e9ditos e detalhes das revis\u00f5es feitas por Tolkien na primeira vers\u00e3o do texto publicado, fornecendo um vislumbre incomum e privilegiado das preocupa\u00e7\u00f5es de um escritor excepcional e meticuloso.<\/p>\n","protected":false},"excerpt":{"rendered":"<p>O guia mais completo de umas das aventuras mais famosas da fantasia! Raramente um livro foi t\u00e3o amplamente lido e&hellip;<\/p>\n","protected":false},"featured_media":347029,"comment_status":"open","ping_status":"closed","template":"","meta":[],"product_cat":[162,134],"product_tag":[],"_links":{"self":[{"href":"https:\/\/www.livrariarema.com.br\/loja\/wp-json\/wp\/v2\/product\/212300"}],"collection":[{"href":"https:\/\/www.livrariarema.com.br\/loja\/wp-json\/wp\/v2\/product"}],"about":[{"href":"https:\/\/www.livrariarema.com.br\/loja\/wp-json\/wp\/v2\/types\/product"}],"replies":[{"embeddable":true,"href":"https:\/\/www.livrariarema.com.br\/loja\/wp-json\/wp\/v2\/comments?post=212300"}],"wp:featuredmedia":[{"embeddable":true,"href":"https:\/\/www.livrariarema.com.br\/loja\/wp-json\/wp\/v2\/media\/347029"}],"wp:attachment":[{"href":"https:\/\/www.livrariarema.com.br\/loja\/wp-json\/wp\/v2\/media?parent=212300"}],"wp:term":[{"taxonomy":"product_cat","embeddable":true,"href":"https:\/\/www.livrariarema.com.br\/loja\/wp-json\/wp\/v2\/product_cat?post=212300"},{"taxonomy":"product_tag","embeddable":true,"href":"https:\/\/www.livrariarema.com.br\/loja\/wp-json\/wp\/v2\/product_tag?post=212300"}],"curies":[{"name":"wp","href":"https:\/\/api.w.org\/{rel}","templated":true}]}}