{"id":214896,"date":"2023-02-03T09:08:58","date_gmt":"2023-02-03T12:08:58","guid":{"rendered":"https:\/\/www.livrariarema.com.br\/loja\/produtos\/sem categoria\/arc085nbem-biblia-da-mulher-rosa-tulipa\/"},"modified":"2026-01-29T16:13:07","modified_gmt":"2026-01-29T19:13:07","slug":"arc085nbem-biblia-da-mulher-rosa-tulipa","status":"publish","type":"product","link":"https:\/\/www.livrariarema.com.br\/loja\/produtos\/biblias\/estudo-feminina\/arc085nbem-biblia-da-mulher-rosa-tulipa\/","title":{"rendered":"Arc085nbem &#8211; B\u00edblia Da Mulher &#8211; Rosa Tulipa"},"content":{"rendered":"<p>Esta B\u00edblia de Estudo \u00e9 um convite para conhecer todas as mulheres da B\u00edblia &#8211; as que s\u00e3o mencionadas pelo nome e as muitas que permanecem an\u00f4nimas. <br \/>\nA B\u00edblia menciona cerca de 800 mulheres ou grupos de mulheres. Provavelmente n\u00e3o imagin\u00e1vamos que fossem tantas. <br \/>\nEm meio \u00e0 literatura de sua \u00e9poca, a B\u00edblia se destaca pela posi\u00e7\u00e3o elevada que atribui \u00e0 mulher. <br \/>\nIsto porque, para Deus, tanto os homens como as mulheres s\u00e3o igualmente importantes. Mesmo em genealogias, onde a descend\u00eancia patrilinear \u00e9 evidente, h\u00e1 frequentemente men\u00e7\u00e3o a filhas, algumas com nome e outras n\u00e3o. <br \/>\nQuem s\u00e3o estas cerca de 800 mulheres ou grupos de mulheres? <br \/>\nPor que elas s\u00e3o mencionadas nas Escrituras? <br \/>\nSer\u00e1 que elas t\u00eam alguma mensagem para n\u00f3s hoje? <br \/>\nCada uma delas aparece na Palavra de Deus por uma raz\u00e3o, positiva ou negativa. Todas foram importantes. Todas conhecidas e amadas por Deus. <br \/>\nEnt\u00e3o o que estamos esperando? <br \/>\nVamos em frente! Vamos descobrir quem foram, o que fizeram, por que se destacaram e por que s\u00e3o mencionadas. A mensagem de algumas mulheres pode ser m\u00ednima, mas est\u00e1 l\u00e1, esperando ser lida, ponderada, compreendida, admirada, louvada, acreditada e valorizada. No material desta B\u00edblia de estudo quisemos mencionar todas as mulheres da B\u00edblia, por mais circunstancial que tenha sido a refer\u00eancia. Desde as filhas do homem mais longevo at\u00e9 a vi\u00fava que foi vi\u00fava por menos tempo; desde a princesa do imp\u00e9rio mais poderoso de sua \u00e9poca at\u00e9 a vi\u00fava pobre e aparentemente insignificante que decidiu oferecer a Deus tudo o que tinha.<\/p>\n","protected":false},"excerpt":{"rendered":"<p>Esta B\u00edblia de Estudo \u00e9 um convite para conhecer todas as mulheres da B\u00edblia &#8211; as que s\u00e3o mencionadas pelo&hellip;<\/p>\n","protected":false},"featured_media":343864,"comment_status":"open","ping_status":"closed","template":"","meta":[],"product_cat":[139,175],"product_tag":[],"_links":{"self":[{"href":"https:\/\/www.livrariarema.com.br\/loja\/wp-json\/wp\/v2\/product\/214896"}],"collection":[{"href":"https:\/\/www.livrariarema.com.br\/loja\/wp-json\/wp\/v2\/product"}],"about":[{"href":"https:\/\/www.livrariarema.com.br\/loja\/wp-json\/wp\/v2\/types\/product"}],"replies":[{"embeddable":true,"href":"https:\/\/www.livrariarema.com.br\/loja\/wp-json\/wp\/v2\/comments?post=214896"}],"wp:featuredmedia":[{"embeddable":true,"href":"https:\/\/www.livrariarema.com.br\/loja\/wp-json\/wp\/v2\/media\/343864"}],"wp:attachment":[{"href":"https:\/\/www.livrariarema.com.br\/loja\/wp-json\/wp\/v2\/media?parent=214896"}],"wp:term":[{"taxonomy":"product_cat","embeddable":true,"href":"https:\/\/www.livrariarema.com.br\/loja\/wp-json\/wp\/v2\/product_cat?post=214896"},{"taxonomy":"product_tag","embeddable":true,"href":"https:\/\/www.livrariarema.com.br\/loja\/wp-json\/wp\/v2\/product_tag?post=214896"}],"curies":[{"name":"wp","href":"https:\/\/api.w.org\/{rel}","templated":true}]}}