{"id":215279,"date":"2023-02-03T16:51:35","date_gmt":"2023-02-03T19:51:35","guid":{"rendered":"https:\/\/www.livrariarema.com.br\/loja\/produtos\/sem categoria\/cartilha-crescer-matematica\/"},"modified":"2024-04-30T15:52:19","modified_gmt":"2024-04-30T18:52:19","slug":"cartilha-crescer-matematica","status":"publish","type":"product","link":"https:\/\/www.livrariarema.com.br\/loja\/produtos\/livros\/infantil\/cartilha-crescer-matematica\/","title":{"rendered":"Cartilha Crescer &#8211; Matem\u00e1tica"},"content":{"rendered":"<p>O ensino da matem\u00e1tica tem papel fundamental na aprendizagem, pois permite que as crian\u00e7as desenvolvam habilidades cognitivas important\u00edssimas para o seu desenvolvimento, como o racioc\u00ednio l\u00f3gico, a elabora\u00e7\u00e3o de estrat\u00e9gias para resolu\u00e7\u00e3o de problemas, entre outras.<\/p>\n","protected":false},"excerpt":{"rendered":"<p>O ensino da matem\u00e1tica tem papel fundamental na aprendizagem, pois permite que as crian\u00e7as desenvolvam habilidades cognitivas important\u00edssimas para o&hellip;<\/p>\n","protected":false},"featured_media":294386,"comment_status":"open","ping_status":"closed","template":"","meta":[],"product_cat":[144,134],"product_tag":[],"_links":{"self":[{"href":"https:\/\/www.livrariarema.com.br\/loja\/wp-json\/wp\/v2\/product\/215279"}],"collection":[{"href":"https:\/\/www.livrariarema.com.br\/loja\/wp-json\/wp\/v2\/product"}],"about":[{"href":"https:\/\/www.livrariarema.com.br\/loja\/wp-json\/wp\/v2\/types\/product"}],"replies":[{"embeddable":true,"href":"https:\/\/www.livrariarema.com.br\/loja\/wp-json\/wp\/v2\/comments?post=215279"}],"wp:featuredmedia":[{"embeddable":true,"href":"https:\/\/www.livrariarema.com.br\/loja\/wp-json\/wp\/v2\/media\/294386"}],"wp:attachment":[{"href":"https:\/\/www.livrariarema.com.br\/loja\/wp-json\/wp\/v2\/media?parent=215279"}],"wp:term":[{"taxonomy":"product_cat","embeddable":true,"href":"https:\/\/www.livrariarema.com.br\/loja\/wp-json\/wp\/v2\/product_cat?post=215279"},{"taxonomy":"product_tag","embeddable":true,"href":"https:\/\/www.livrariarema.com.br\/loja\/wp-json\/wp\/v2\/product_tag?post=215279"}],"curies":[{"name":"wp","href":"https:\/\/api.w.org\/{rel}","templated":true}]}}