{"id":215281,"date":"2023-02-03T16:51:40","date_gmt":"2023-02-03T19:51:40","guid":{"rendered":"https:\/\/www.livrariarema.com.br\/loja\/produtos\/sem categoria\/3-palavrinhas-descobrindo-as-horas\/"},"modified":"2025-09-06T12:03:29","modified_gmt":"2025-09-06T15:03:29","slug":"3-palavrinhas-descobrindo-as-horas","status":"publish","type":"product","link":"https:\/\/www.livrariarema.com.br\/loja\/produtos\/livros\/infantil\/3-palavrinhas-descobrindo-as-horas\/","title":{"rendered":"3 Palavrinhas &#8211; Descobrindo As Horas"},"content":{"rendered":"<p>A Turma de 3 Palavrinhas vai embarcar em mais uma aventura para descobrir tudo sobre o mundo dos n\u00fameros, das horas, dos minutos e dos segundos. Junte-se a esse trio aventureiro e fa\u00e7a incr\u00edveis descobertas voc\u00ea tamb\u00e9m! Essa experi\u00eancia ser\u00e1 t\u00e3o divertida que voc\u00ea nem ver\u00e1 o tempo passar!<\/p>\n","protected":false},"excerpt":{"rendered":"<p>A Turma de 3 Palavrinhas vai embarcar em mais uma aventura para descobrir tudo sobre o mundo dos n\u00fameros, das&hellip;<\/p>\n","protected":false},"featured_media":319029,"comment_status":"open","ping_status":"closed","template":"","meta":[],"product_cat":[144,134],"product_tag":[],"_links":{"self":[{"href":"https:\/\/www.livrariarema.com.br\/loja\/wp-json\/wp\/v2\/product\/215281"}],"collection":[{"href":"https:\/\/www.livrariarema.com.br\/loja\/wp-json\/wp\/v2\/product"}],"about":[{"href":"https:\/\/www.livrariarema.com.br\/loja\/wp-json\/wp\/v2\/types\/product"}],"replies":[{"embeddable":true,"href":"https:\/\/www.livrariarema.com.br\/loja\/wp-json\/wp\/v2\/comments?post=215281"}],"wp:featuredmedia":[{"embeddable":true,"href":"https:\/\/www.livrariarema.com.br\/loja\/wp-json\/wp\/v2\/media\/319029"}],"wp:attachment":[{"href":"https:\/\/www.livrariarema.com.br\/loja\/wp-json\/wp\/v2\/media?parent=215281"}],"wp:term":[{"taxonomy":"product_cat","embeddable":true,"href":"https:\/\/www.livrariarema.com.br\/loja\/wp-json\/wp\/v2\/product_cat?post=215281"},{"taxonomy":"product_tag","embeddable":true,"href":"https:\/\/www.livrariarema.com.br\/loja\/wp-json\/wp\/v2\/product_tag?post=215281"}],"curies":[{"name":"wp","href":"https:\/\/api.w.org\/{rel}","templated":true}]}}