{"id":216597,"date":"2023-02-10T09:24:35","date_gmt":"2023-02-10T12:24:35","guid":{"rendered":"https:\/\/www.livrariarema.com.br\/loja\/produtos\/sem%20categoria\/le-para-mim-a-cigarra-e-a-formiga\/"},"modified":"2025-09-16T10:40:22","modified_gmt":"2025-09-16T13:40:22","slug":"le-para-mim-a-cigarra-e-a-formiga","status":"publish","type":"product","link":"https:\/\/www.livrariarema.com.br\/loja\/produtos\/livros\/infantil\/le-para-mim-a-cigarra-e-a-formiga\/","title":{"rendered":"L\u00ea Pra Mim &#8211; A Cigarra E A Formiga"},"content":{"rendered":"<p>A cigarra passava os dias cantando, despreocupadamente, enquanto a formiga trabalhava sem parar. O inverno chegar\u00e1&#8230; quem estar\u00e1 mais preparada para enfrentar essa esta\u00e7\u00e3o? Acompanhe a hist\u00f3ria e descubra a import\u00e2ncia da solidariedade e da amizade verdadeira.<\/p>\n","protected":false},"excerpt":{"rendered":"<p>A cigarra passava os dias cantando, despreocupadamente, enquanto a formiga trabalhava sem parar. O inverno chegar\u00e1&#8230; quem estar\u00e1 mais preparada&hellip;<\/p>\n","protected":false},"featured_media":329341,"comment_status":"open","ping_status":"closed","template":"","meta":[],"product_cat":[144,134],"product_tag":[],"_links":{"self":[{"href":"https:\/\/www.livrariarema.com.br\/loja\/wp-json\/wp\/v2\/product\/216597"}],"collection":[{"href":"https:\/\/www.livrariarema.com.br\/loja\/wp-json\/wp\/v2\/product"}],"about":[{"href":"https:\/\/www.livrariarema.com.br\/loja\/wp-json\/wp\/v2\/types\/product"}],"replies":[{"embeddable":true,"href":"https:\/\/www.livrariarema.com.br\/loja\/wp-json\/wp\/v2\/comments?post=216597"}],"wp:featuredmedia":[{"embeddable":true,"href":"https:\/\/www.livrariarema.com.br\/loja\/wp-json\/wp\/v2\/media\/329341"}],"wp:attachment":[{"href":"https:\/\/www.livrariarema.com.br\/loja\/wp-json\/wp\/v2\/media?parent=216597"}],"wp:term":[{"taxonomy":"product_cat","embeddable":true,"href":"https:\/\/www.livrariarema.com.br\/loja\/wp-json\/wp\/v2\/product_cat?post=216597"},{"taxonomy":"product_tag","embeddable":true,"href":"https:\/\/www.livrariarema.com.br\/loja\/wp-json\/wp\/v2\/product_tag?post=216597"}],"curies":[{"name":"wp","href":"https:\/\/api.w.org\/{rel}","templated":true}]}}