{"id":221810,"date":"2023-03-14T11:56:57","date_gmt":"2023-03-14T14:56:57","guid":{"rendered":"https:\/\/www.livrariarema.com.br\/loja\/produtos\/sem categoria\/caneta-gel-jocar-office-brilho-ponta-media-1-0-prata\/"},"modified":"2025-12-01T13:40:50","modified_gmt":"2025-12-01T16:40:50","slug":"caneta-gel-jocar-office-brilho-ponta-media-1-0-prata","status":"publish","type":"product","link":"https:\/\/www.livrariarema.com.br\/loja\/produtos\/papelaria\/canetas\/caneta-gel-jocar-office-brilho-ponta-media-1-0-prata\/","title":{"rendered":"Caneta Gel &#8211; Jocar Office &#8211; Brilho &#8211; Ponta M\u00e9dia 1.0 &#8211; Prata"},"content":{"rendered":"<p>Corpo em resina termopl\u00e1stica, ponta de lat\u00e3o e esfera em carboneto de cromo, e tinta \u00e0 base de pigmentos e solventes.<\/p>\n<p>Registro Inmetro 005 638\/2016<\/p>\n","protected":false},"excerpt":{"rendered":"<p>Corpo em resina termopl\u00e1stica, ponta de lat\u00e3o e esfera em carboneto de cromo, e tinta \u00e0 base de pigmentos e&hellip;<\/p>\n","protected":false},"featured_media":334943,"comment_status":"open","ping_status":"closed","template":"","meta":[],"product_cat":[216,215],"product_tag":[],"_links":{"self":[{"href":"https:\/\/www.livrariarema.com.br\/loja\/wp-json\/wp\/v2\/product\/221810"}],"collection":[{"href":"https:\/\/www.livrariarema.com.br\/loja\/wp-json\/wp\/v2\/product"}],"about":[{"href":"https:\/\/www.livrariarema.com.br\/loja\/wp-json\/wp\/v2\/types\/product"}],"replies":[{"embeddable":true,"href":"https:\/\/www.livrariarema.com.br\/loja\/wp-json\/wp\/v2\/comments?post=221810"}],"wp:featuredmedia":[{"embeddable":true,"href":"https:\/\/www.livrariarema.com.br\/loja\/wp-json\/wp\/v2\/media\/334943"}],"wp:attachment":[{"href":"https:\/\/www.livrariarema.com.br\/loja\/wp-json\/wp\/v2\/media?parent=221810"}],"wp:term":[{"taxonomy":"product_cat","embeddable":true,"href":"https:\/\/www.livrariarema.com.br\/loja\/wp-json\/wp\/v2\/product_cat?post=221810"},{"taxonomy":"product_tag","embeddable":true,"href":"https:\/\/www.livrariarema.com.br\/loja\/wp-json\/wp\/v2\/product_tag?post=221810"}],"curies":[{"name":"wp","href":"https:\/\/api.w.org\/{rel}","templated":true}]}}