{"id":223080,"date":"2023-03-17T16:30:44","date_gmt":"2023-03-17T19:30:44","guid":{"rendered":"https:\/\/www.livrariarema.com.br\/loja\/produtos\/sem%20categoria\/vicio-e-virtude-kent-dunnington\/"},"modified":"2026-02-24T12:16:26","modified_gmt":"2026-02-24T15:16:26","slug":"vicio-e-virtude-kent-dunnington","status":"publish","type":"product","link":"https:\/\/www.livrariarema.com.br\/loja\/produtos\/promocao\/livros-promocao\/vicio-e-virtude-kent-dunnington\/","title":{"rendered":"V\u00edcio E Virtude &#8211; Kent Dunnington"},"content":{"rendered":"<p>O que de fato \u00e9 a adic\u00e7\u00e3o? A maior parte dos estudos cient\u00edficos sobre o tema entende esse fen\u00f4meno como doen\u00e7a ou como escolha deliberada, mas falham em compreender a experi\u00eancia dos que sofrem e daqueles que buscam ajud\u00e1-los.<\/p>\n<p>Em V\u00edcio e virtude, Kent Dunnington insere a filosofia e a teologia nesse debate e, com base no pensamento de Arist\u00f3teles e Tom\u00e1s de Aquino, formula uma alternativa aos modelos reducionistas modernos. Para o autor, a adic\u00e7\u00e3o \u00e9 um h\u00e1bito caracter\u00edstico dos nossos tempos e vai al\u00e9m do \u00e2mbito individual: pessoas com adic\u00e7\u00f5es severas s\u00e3o &#8220;profetas contempor\u00e2neos&#8221;; elas mostram quem realmente somos e iluminam aspectos da cultura moderna que tendemos a ignorar.<\/p>\n<p>Esta obra interdisciplinar tamb\u00e9m oferece recursos para o minist\u00e9rio e a igreja local, e mostra como o evangelho oferece um modo de vida alternativo e mais atraente do que a vida adicta.<\/p>\n","protected":false},"excerpt":{"rendered":"<p>O que de fato \u00e9 a adic\u00e7\u00e3o? A maior parte dos estudos cient\u00edficos sobre o tema entende esse fen\u00f4meno como&hellip;<\/p>\n","protected":false},"featured_media":345253,"comment_status":"open","ping_status":"closed","template":"","meta":[],"product_cat":[143,142],"product_tag":[],"_links":{"self":[{"href":"https:\/\/www.livrariarema.com.br\/loja\/wp-json\/wp\/v2\/product\/223080"}],"collection":[{"href":"https:\/\/www.livrariarema.com.br\/loja\/wp-json\/wp\/v2\/product"}],"about":[{"href":"https:\/\/www.livrariarema.com.br\/loja\/wp-json\/wp\/v2\/types\/product"}],"replies":[{"embeddable":true,"href":"https:\/\/www.livrariarema.com.br\/loja\/wp-json\/wp\/v2\/comments?post=223080"}],"wp:featuredmedia":[{"embeddable":true,"href":"https:\/\/www.livrariarema.com.br\/loja\/wp-json\/wp\/v2\/media\/345253"}],"wp:attachment":[{"href":"https:\/\/www.livrariarema.com.br\/loja\/wp-json\/wp\/v2\/media?parent=223080"}],"wp:term":[{"taxonomy":"product_cat","embeddable":true,"href":"https:\/\/www.livrariarema.com.br\/loja\/wp-json\/wp\/v2\/product_cat?post=223080"},{"taxonomy":"product_tag","embeddable":true,"href":"https:\/\/www.livrariarema.com.br\/loja\/wp-json\/wp\/v2\/product_tag?post=223080"}],"curies":[{"name":"wp","href":"https:\/\/api.w.org\/{rel}","templated":true}]}}