{"id":223144,"date":"2023-03-17T16:53:17","date_gmt":"2023-03-17T19:53:17","guid":{"rendered":"https:\/\/www.livrariarema.com.br\/loja\/produtos\/sem categoria\/biblia-leitura-perfeita-nvi-tecido-sobre-capa-dura-bouquet\/"},"modified":"2026-04-09T13:31:23","modified_gmt":"2026-04-09T16:31:23","slug":"biblia-leitura-perfeita-nvi-tecido-sobre-capa-dura-bouquet","status":"publish","type":"product","link":"https:\/\/www.livrariarema.com.br\/loja\/produtos\/biblias\/nvi\/biblia-leitura-perfeita-nvi-tecido-sobre-capa-dura-bouquet\/","title":{"rendered":"B\u00edblia Leitura Perfeita &#8211; Nvi &#8211; Tecido Sobre Capa Dura &#8211; Bouquet"},"content":{"rendered":"<p>A B\u00edblia NVI, Tecido sobre Capa Dura, Bouquet, Letras de Jesus em Vermelho \u00e9 a escolha perfeita pra quem quer uma NVI com letra normal, sem abrir m\u00e3o de uma capa vers\u00e1til e estilosa. A linguagem NVI (Nova Vers\u00e3o Internacional) \u00e9 baseada nos seguintes fundamentos: precis\u00e3o, beleza de estilo, clareza e dignidade, trazendo uma vers\u00e3o ao mesmo tempo fiel e contempor\u00e2nea. Ela conta, ainda, com as letras de Jesus destacadas em vermelho.<br \/>\nNela, voc\u00ea encontrar\u00e1 ainda a fonte Leitura Perfeita. Desenvolvida exclusivamente para a Thomas Nelson Brasil, a Leitura Perfeita \u00e9 uma fonte singular, moderna, bonita, clara e leg\u00edvel, ao mesmo tempo em que integra os melhores avan\u00e7os em tipografia de b\u00edblias modernas. O resultado \u00e9 uma tipologia que traz total conforto na leitura em qualquer tamanho.<\/p>\n<p>Caracter\u00edsticas:<br \/>\nTexto na tradu\u00e7\u00e3o NVI (Nova Vers\u00e3o Internacional)<br \/>\nTecido sobre capa dura<br \/>\nPintura Trilateral<br \/>\nFonte Leitura Perfeita<br \/>\nLetra tamanho normal<br \/>\nFitilho<\/p>\n","protected":false},"excerpt":{"rendered":"<p>A B\u00edblia NVI, Tecido sobre Capa Dura, Bouquet, Letras de Jesus em Vermelho \u00e9 a escolha perfeita pra quem quer&hellip;<\/p>\n","protected":false},"featured_media":345768,"comment_status":"open","ping_status":"closed","template":"","meta":[],"product_cat":[139,166],"product_tag":[],"_links":{"self":[{"href":"https:\/\/www.livrariarema.com.br\/loja\/wp-json\/wp\/v2\/product\/223144"}],"collection":[{"href":"https:\/\/www.livrariarema.com.br\/loja\/wp-json\/wp\/v2\/product"}],"about":[{"href":"https:\/\/www.livrariarema.com.br\/loja\/wp-json\/wp\/v2\/types\/product"}],"replies":[{"embeddable":true,"href":"https:\/\/www.livrariarema.com.br\/loja\/wp-json\/wp\/v2\/comments?post=223144"}],"wp:featuredmedia":[{"embeddable":true,"href":"https:\/\/www.livrariarema.com.br\/loja\/wp-json\/wp\/v2\/media\/345768"}],"wp:attachment":[{"href":"https:\/\/www.livrariarema.com.br\/loja\/wp-json\/wp\/v2\/media?parent=223144"}],"wp:term":[{"taxonomy":"product_cat","embeddable":true,"href":"https:\/\/www.livrariarema.com.br\/loja\/wp-json\/wp\/v2\/product_cat?post=223144"},{"taxonomy":"product_tag","embeddable":true,"href":"https:\/\/www.livrariarema.com.br\/loja\/wp-json\/wp\/v2\/product_tag?post=223144"}],"curies":[{"name":"wp","href":"https:\/\/api.w.org\/{rel}","templated":true}]}}