{"id":226634,"date":"2023-04-06T14:32:44","date_gmt":"2023-04-06T17:32:44","guid":{"rendered":"https:\/\/www.livrariarema.com.br\/loja\/produtos\/sem categoria\/biblia-para-os-mais-jovens-a\/"},"modified":"2026-02-11T14:13:58","modified_gmt":"2026-02-11T17:13:58","slug":"biblia-para-os-mais-jovens-a","status":"publish","type":"product","link":"https:\/\/www.livrariarema.com.br\/loja\/produtos\/livros\/infantil-biblia\/biblia-para-os-mais-jovens-a\/","title":{"rendered":"B\u00edblia Para Os Mais Jovens, A"},"content":{"rendered":"<p>As mais belas hist\u00f3rias da B\u00edblia totalmente ilustradas e contadas com uma linguagem simples e adequada, proporcionando aos jovens conhecer, de modo pr\u00e1tico e din\u00e2mico, as principais passagens das Sagradas Escrituras. <\/p>\n<p>Hist\u00f3rias que fazem parte desta Obra: <br \/>\nA Cria\u00e7\u00e3o &#8211; O Dil\u00favio &#8211; Abra\u00e3o &#8211; Esa\u00fa e Jac\u00f3 &#8211; Jos\u00e9 &#8211; J\u00f3 &#8211; Mois\u00e9s &#8211; Josu\u00e9 &#8211; Sans\u00e3o &#8211; Gide\u00e3o &#8211; Rute &#8211; Elias &#8211; Davi &#8211; Salom\u00e3o &#8211; Jonas &#8211; Daniel &#8211; Jo\u00e3o Batista &#8211; Nascimento de Jesus &#8211; Jesus &#8211; Par\u00e1bolas de Jesus &#8211; Milagres de Jesus &#8211; Ressurrei\u00e7\u00e3o de Jesus &#8211; Atos dos Ap\u00f3stolos &#8211; Paulo.<\/p>\n","protected":false},"excerpt":{"rendered":"<p>As mais belas hist\u00f3rias da B\u00edblia totalmente ilustradas e contadas com uma linguagem simples e adequada, proporcionando aos jovens conhecer,&hellip;<\/p>\n","protected":false},"featured_media":344357,"comment_status":"open","ping_status":"closed","template":"","meta":[],"product_cat":[165,134],"product_tag":[],"_links":{"self":[{"href":"https:\/\/www.livrariarema.com.br\/loja\/wp-json\/wp\/v2\/product\/226634"}],"collection":[{"href":"https:\/\/www.livrariarema.com.br\/loja\/wp-json\/wp\/v2\/product"}],"about":[{"href":"https:\/\/www.livrariarema.com.br\/loja\/wp-json\/wp\/v2\/types\/product"}],"replies":[{"embeddable":true,"href":"https:\/\/www.livrariarema.com.br\/loja\/wp-json\/wp\/v2\/comments?post=226634"}],"wp:featuredmedia":[{"embeddable":true,"href":"https:\/\/www.livrariarema.com.br\/loja\/wp-json\/wp\/v2\/media\/344357"}],"wp:attachment":[{"href":"https:\/\/www.livrariarema.com.br\/loja\/wp-json\/wp\/v2\/media?parent=226634"}],"wp:term":[{"taxonomy":"product_cat","embeddable":true,"href":"https:\/\/www.livrariarema.com.br\/loja\/wp-json\/wp\/v2\/product_cat?post=226634"},{"taxonomy":"product_tag","embeddable":true,"href":"https:\/\/www.livrariarema.com.br\/loja\/wp-json\/wp\/v2\/product_tag?post=226634"}],"curies":[{"name":"wp","href":"https:\/\/api.w.org\/{rel}","templated":true}]}}