{"id":230503,"date":"2023-05-03T17:09:53","date_gmt":"2023-05-03T20:09:53","guid":{"rendered":"https:\/\/www.livrariarema.com.br\/loja\/produtos\/sem categoria\/biblia-nvi-bilingue-portugues-ingles-azul\/"},"modified":"2025-11-03T13:10:14","modified_gmt":"2025-11-03T16:10:14","slug":"biblia-nvi-bilingue-portugues-ingles-azul","status":"publish","type":"product","link":"https:\/\/www.livrariarema.com.br\/loja\/produtos\/biblias\/outros-idiomas\/biblia-nvi-bilingue-portugues-ingles-azul\/","title":{"rendered":"B\u00edblia &#8211; Nvi &#8211; Bilingue Portugu\u00eas-Ingl\u00eas &#8211; Azul"},"content":{"rendered":"<p>A B\u00edblia bil\u00edngue traz a consagrada vers\u00e3o NIV e a reconhecida NVI para um estudo aprofundado das vers\u00f5es lus\u00f3fona e angl\u00f3fona, permitindo ao leitor fluente nessas l\u00ednguas reconhecer a diversidade cultural e textual nela presente. O prop\u00f3sito dos estudiosos que traduziram as Escrituras Sagradas a partir das l\u00ednguas originais para trazer \u00e0 tona estes textos foi somar \u00e0 lista das tradu\u00e7\u00f5es existentes um texto novo que se definisse por quatro elementos fundamentais: precis\u00e3o, beleza de estilo, clareza e autoridade.<\/p>\n","protected":false},"excerpt":{"rendered":"<p>A B\u00edblia bil\u00edngue traz a consagrada vers\u00e3o NIV e a reconhecida NVI para um estudo aprofundado das vers\u00f5es lus\u00f3fona e&hellip;<\/p>\n","protected":false},"featured_media":340425,"comment_status":"open","ping_status":"closed","template":"","meta":[],"product_cat":[139,141],"product_tag":[],"_links":{"self":[{"href":"https:\/\/www.livrariarema.com.br\/loja\/wp-json\/wp\/v2\/product\/230503"}],"collection":[{"href":"https:\/\/www.livrariarema.com.br\/loja\/wp-json\/wp\/v2\/product"}],"about":[{"href":"https:\/\/www.livrariarema.com.br\/loja\/wp-json\/wp\/v2\/types\/product"}],"replies":[{"embeddable":true,"href":"https:\/\/www.livrariarema.com.br\/loja\/wp-json\/wp\/v2\/comments?post=230503"}],"wp:featuredmedia":[{"embeddable":true,"href":"https:\/\/www.livrariarema.com.br\/loja\/wp-json\/wp\/v2\/media\/340425"}],"wp:attachment":[{"href":"https:\/\/www.livrariarema.com.br\/loja\/wp-json\/wp\/v2\/media?parent=230503"}],"wp:term":[{"taxonomy":"product_cat","embeddable":true,"href":"https:\/\/www.livrariarema.com.br\/loja\/wp-json\/wp\/v2\/product_cat?post=230503"},{"taxonomy":"product_tag","embeddable":true,"href":"https:\/\/www.livrariarema.com.br\/loja\/wp-json\/wp\/v2\/product_tag?post=230503"}],"curies":[{"name":"wp","href":"https:\/\/api.w.org\/{rel}","templated":true}]}}