{"id":231045,"date":"2023-05-05T16:34:03","date_gmt":"2023-05-05T19:34:03","guid":{"rendered":"https:\/\/www.livrariarema.com.br\/loja\/produtos\/sem categoria\/teopsique-uma-introducao-cientifica-a-psicologia-para-teologos-justin-l-barrett\/"},"modified":"2026-02-24T13:49:58","modified_gmt":"2026-02-24T16:49:58","slug":"teopsique-uma-introducao-cientifica-a-psicologia-para-teologos-justin-l-barrett","status":"publish","type":"product","link":"https:\/\/www.livrariarema.com.br\/loja\/produtos\/promocao\/livros-promocao\/teopsique-uma-introducao-cientifica-a-psicologia-para-teologos-justin-l-barrett\/","title":{"rendered":"Teopsiqu\u00ea &#8211; Uma Introdu\u00e7\u00e3o Cient\u00edfica \u00c0 Psicologia Para Te\u00f3logos &#8211; Justin L. Barrett"},"content":{"rendered":"<p>O fazer teol\u00f3gico \u00e9, notadamente, multidisciplinar. No entanto, muitos te\u00f3logos e l\u00edderes crist\u00e3os torcem o nariz \u00e0s poss\u00edveis contribui\u00e7\u00f5es que a psicologia pode dar \u00e0 compreens\u00e3o do ser humano &#8211; um receio que adv\u00e9m do desconhecimento sobre o que a psicologia realmente \u00e9.<br \/>\nEm Teopsiqu\u00ea, Justin L. Barret, experiente pesquisador especializado na interface entre psicologia e teologia, proporciona ao leitor um guia acess\u00edvel acerca da ci\u00eancia psicol\u00f3gica, abordando seu objeto de estudo, grandes temas, metodologias e principais \u00e1reas. Com o intuito de desmistificar essa ci\u00eancia, o autor instrui sobre como procurar estudos confi\u00e1veis, oferece orienta\u00e7\u00f5es \u00fateis sobre quando uma consulta \u00e0s ci\u00eancias psicol\u00f3gicas deve ser feita e mostra como o te\u00f3logo pode beneficiar-se das descobertas da \u00e1rea.<br \/>\nConciso, por\u00e9m abrangente, este \u00e9 um livro indispens\u00e1vel na biblioteca de pastores, l\u00edderes ministeriais e te\u00f3logos que desejam conhecer e usufruir do campo da ci\u00eancia psicol\u00f3gica. Afinal, a psicologia tamb\u00e9m est\u00e1 sob o senhorio de Cristo.<\/p>\n","protected":false},"excerpt":{"rendered":"<p>O fazer teol\u00f3gico \u00e9, notadamente, multidisciplinar. No entanto, muitos te\u00f3logos e l\u00edderes crist\u00e3os torcem o nariz \u00e0s poss\u00edveis contribui\u00e7\u00f5es que&hellip;<\/p>\n","protected":false},"featured_media":345355,"comment_status":"open","ping_status":"closed","template":"","meta":[],"product_cat":[143,142],"product_tag":[],"_links":{"self":[{"href":"https:\/\/www.livrariarema.com.br\/loja\/wp-json\/wp\/v2\/product\/231045"}],"collection":[{"href":"https:\/\/www.livrariarema.com.br\/loja\/wp-json\/wp\/v2\/product"}],"about":[{"href":"https:\/\/www.livrariarema.com.br\/loja\/wp-json\/wp\/v2\/types\/product"}],"replies":[{"embeddable":true,"href":"https:\/\/www.livrariarema.com.br\/loja\/wp-json\/wp\/v2\/comments?post=231045"}],"wp:featuredmedia":[{"embeddable":true,"href":"https:\/\/www.livrariarema.com.br\/loja\/wp-json\/wp\/v2\/media\/345355"}],"wp:attachment":[{"href":"https:\/\/www.livrariarema.com.br\/loja\/wp-json\/wp\/v2\/media?parent=231045"}],"wp:term":[{"taxonomy":"product_cat","embeddable":true,"href":"https:\/\/www.livrariarema.com.br\/loja\/wp-json\/wp\/v2\/product_cat?post=231045"},{"taxonomy":"product_tag","embeddable":true,"href":"https:\/\/www.livrariarema.com.br\/loja\/wp-json\/wp\/v2\/product_tag?post=231045"}],"curies":[{"name":"wp","href":"https:\/\/api.w.org\/{rel}","templated":true}]}}