{"id":232535,"date":"2023-05-12T11:21:12","date_gmt":"2023-05-12T14:21:12","guid":{"rendered":"https:\/\/www.livrariarema.com.br\/loja\/produtos\/sem categoria\/pequena-bencao-um-livro-aviso-de-porta-agradecendo-pelas-minhas-refeicoes\/"},"modified":"2023-06-21T10:34:32","modified_gmt":"2023-06-21T13:34:32","slug":"pequena-bencao-um-livro-aviso-de-porta-agradecendo-pelas-minhas-refeicoes","status":"publish","type":"product","link":"https:\/\/www.livrariarema.com.br\/loja\/produtos\/livros\/infantil\/pequena-bencao-um-livro-aviso-de-porta-agradecendo-pelas-minhas-refeicoes\/","title":{"rendered":"Pequena B\u00ean\u00e7\u00e3o &#8211; Um Livro Aviso De Porta &#8211; Agradecendo Pelas Minhas Refei\u00e7\u00f5es"},"content":{"rendered":"<p>Um livro aviso de porta com Palavras de Vida para o dia a dia da crian\u00e7a.<\/p>\n","protected":false},"excerpt":{"rendered":"<p>Um livro aviso de porta com Palavras de Vida para o dia a dia da crian\u00e7a.<\/p>\n","protected":false},"featured_media":237190,"comment_status":"open","ping_status":"closed","template":"","meta":[],"product_cat":[144,134],"product_tag":[],"_links":{"self":[{"href":"https:\/\/www.livrariarema.com.br\/loja\/wp-json\/wp\/v2\/product\/232535"}],"collection":[{"href":"https:\/\/www.livrariarema.com.br\/loja\/wp-json\/wp\/v2\/product"}],"about":[{"href":"https:\/\/www.livrariarema.com.br\/loja\/wp-json\/wp\/v2\/types\/product"}],"replies":[{"embeddable":true,"href":"https:\/\/www.livrariarema.com.br\/loja\/wp-json\/wp\/v2\/comments?post=232535"}],"wp:featuredmedia":[{"embeddable":true,"href":"https:\/\/www.livrariarema.com.br\/loja\/wp-json\/wp\/v2\/media\/237190"}],"wp:attachment":[{"href":"https:\/\/www.livrariarema.com.br\/loja\/wp-json\/wp\/v2\/media?parent=232535"}],"wp:term":[{"taxonomy":"product_cat","embeddable":true,"href":"https:\/\/www.livrariarema.com.br\/loja\/wp-json\/wp\/v2\/product_cat?post=232535"},{"taxonomy":"product_tag","embeddable":true,"href":"https:\/\/www.livrariarema.com.br\/loja\/wp-json\/wp\/v2\/product_tag?post=232535"}],"curies":[{"name":"wp","href":"https:\/\/api.w.org\/{rel}","templated":true}]}}