{"id":233158,"date":"2023-05-15T16:05:44","date_gmt":"2023-05-15T19:05:44","guid":{"rendered":"https:\/\/www.livrariarema.com.br\/loja\/produtos\/sem categoria\/lendo-o-antigo-testamento-sob-a-otica-judaica-evan-moffic\/"},"modified":"2026-03-13T16:59:57","modified_gmt":"2026-03-13T19:59:57","slug":"lendo-o-antigo-testamento-sob-a-otica-judaica-evan-moffic","status":"publish","type":"product","link":"https:\/\/www.livrariarema.com.br\/loja\/produtos\/livros\/estudo-biblico\/lendo-o-antigo-testamento-sob-a-otica-judaica-evan-moffic\/","title":{"rendered":"Lendo O Antigo Testamento Sob A \u00d3tica Judaica &#8211; Evan Moffic"},"content":{"rendered":"<p>Em Lendo o Antigo Testamento sob a \u00f3tica judaica, o rabino Moffic explora a Tor\u00e1, os primeiros cinco livros da B\u00edblia hebraica, e destaca pontos de interesse para os crist\u00e3os. Ele descreve o papel da Tor\u00e1 na adora\u00e7\u00e3o e pr\u00e1tica judaicas e explora os temas-chave de cada livro guiado pela sabedoria dos int\u00e9rpretes judeus ao longo dos s\u00e9culos. Junte-se ao rabino Moffic neste estudo da Tor\u00e1 e descubra novos e ricos insights sobre a hist\u00f3ria b\u00edblica. Descubra como a Tor\u00e1 pode ser uma fonte de sabedoria, verdade e transforma\u00e7\u00e3o em sua vida.<Br><br \/>\n<Br><br \/>\nEste livro o convida a entrar no mundo da Tor\u00e1. N\u00e3o se trata da Tor\u00e1 das leis e rituais sem fim. \u00c9 a Tor\u00e1 da verdade, sabedoria e transforma\u00e7\u00e3o. \u00c9 a Tor\u00e1 que Mois\u00e9s recebeu, Jesus estudou, e at\u00e9 hoje \u00e9 levada nos bra\u00e7os do povo judeu. Ao ler este livro, a Tor\u00e1 passar\u00e1 a ser a sua Tor\u00e1. Voc\u00ea enxergar\u00e1 sua vida, lutas, perguntas e hist\u00f3ria retratadas nos relatos e nas personagens da Tor\u00e1. Beber\u00e1 mais fundo do rico reservat\u00f3rio no qual bilh\u00f5es de pessoas j\u00e1 encontraram as mais profundas verdades e ideias sobre Deus e sobre a vida. Este livro ser\u00e1 o guia que haver\u00e1 de tirar a Tor\u00e1 de dentro da arca onde ela fica guardada e a levar\u00e1 \u00e0 sua vida.<\/p>\n","protected":false},"excerpt":{"rendered":"<p>Em Lendo o Antigo Testamento sob a \u00f3tica judaica, o rabino Moffic explora a Tor\u00e1, os primeiros cinco livros da&hellip;<\/p>\n","protected":false},"featured_media":346146,"comment_status":"open","ping_status":"closed","template":"","meta":[],"product_cat":[161,134],"product_tag":[],"_links":{"self":[{"href":"https:\/\/www.livrariarema.com.br\/loja\/wp-json\/wp\/v2\/product\/233158"}],"collection":[{"href":"https:\/\/www.livrariarema.com.br\/loja\/wp-json\/wp\/v2\/product"}],"about":[{"href":"https:\/\/www.livrariarema.com.br\/loja\/wp-json\/wp\/v2\/types\/product"}],"replies":[{"embeddable":true,"href":"https:\/\/www.livrariarema.com.br\/loja\/wp-json\/wp\/v2\/comments?post=233158"}],"wp:featuredmedia":[{"embeddable":true,"href":"https:\/\/www.livrariarema.com.br\/loja\/wp-json\/wp\/v2\/media\/346146"}],"wp:attachment":[{"href":"https:\/\/www.livrariarema.com.br\/loja\/wp-json\/wp\/v2\/media?parent=233158"}],"wp:term":[{"taxonomy":"product_cat","embeddable":true,"href":"https:\/\/www.livrariarema.com.br\/loja\/wp-json\/wp\/v2\/product_cat?post=233158"},{"taxonomy":"product_tag","embeddable":true,"href":"https:\/\/www.livrariarema.com.br\/loja\/wp-json\/wp\/v2\/product_tag?post=233158"}],"curies":[{"name":"wp","href":"https:\/\/api.w.org\/{rel}","templated":true}]}}