{"id":233162,"date":"2023-05-15T16:05:56","date_gmt":"2023-05-15T19:05:56","guid":{"rendered":"https:\/\/www.livrariarema.com.br\/loja\/produtos\/sem%20categoria\/comentarios-expositivos-eclesiastes-hernandes-dias-lopes\/"},"modified":"2026-03-20T16:19:32","modified_gmt":"2026-03-20T19:19:32","slug":"comentarios-expositivos-eclesiastes-hernandes-dias-lopes","status":"publish","type":"product","link":"https:\/\/www.livrariarema.com.br\/loja\/produtos\/livros\/comentario-biblico\/comentarios-expositivos-eclesiastes-hernandes-dias-lopes\/","title":{"rendered":"Comentarios Expositivos &#8211; Eclesi\u00e1stes &#8211; Hernandes Dias Lopes"},"content":{"rendered":"<p>ECLESIASTES trata da impossibilidade intranspon\u00edvel de o ser humano encontrar qualquer sentido na vida nas realiza\u00e7\u00f5es pessoais e nas conquistas deste mundo. Em sua jornada do ber\u00e7o \u00e0 sepultura, ele s\u00f3 encontra fadigas debaixo do sol. Essa vis\u00e3o aparentemente pessimista da vida pode deixar alguns leitores espantados se perguntando por que esse livro est\u00e1 na B\u00edblia. Por isso, precisamos aprender a ler e a estudar Eclesiastes com o filtro da gra\u00e7a e da doutrina b\u00edblica da soberania de Deus.<\/p>\n<p>Quando fizermos isso, seremos conduzidos do desespero e de uma aparente vis\u00e3o negativa da vida para uma cosmovis\u00e3o na qual Deus \u00e9 Deus e tem o controle de tudo o que se passa debaixo do sol. Somente ent\u00e3o a vida, com seus altos e baixos, passar\u00e1 a ter sentido. Ela deixar\u00e1 de ser mera &#8220;vaidade&#8221;, &#8220;inutilidade&#8221;, para se tornar um dom inestim\u00e1vel do Criador.<\/p>\n","protected":false},"excerpt":{"rendered":"<p>ECLESIASTES trata da impossibilidade intranspon\u00edvel de o ser humano encontrar qualquer sentido na vida nas realiza\u00e7\u00f5es pessoais e nas conquistas&hellip;<\/p>\n","protected":false},"featured_media":346415,"comment_status":"open","ping_status":"closed","template":"","meta":[],"product_cat":[164,134],"product_tag":[],"_links":{"self":[{"href":"https:\/\/www.livrariarema.com.br\/loja\/wp-json\/wp\/v2\/product\/233162"}],"collection":[{"href":"https:\/\/www.livrariarema.com.br\/loja\/wp-json\/wp\/v2\/product"}],"about":[{"href":"https:\/\/www.livrariarema.com.br\/loja\/wp-json\/wp\/v2\/types\/product"}],"replies":[{"embeddable":true,"href":"https:\/\/www.livrariarema.com.br\/loja\/wp-json\/wp\/v2\/comments?post=233162"}],"wp:featuredmedia":[{"embeddable":true,"href":"https:\/\/www.livrariarema.com.br\/loja\/wp-json\/wp\/v2\/media\/346415"}],"wp:attachment":[{"href":"https:\/\/www.livrariarema.com.br\/loja\/wp-json\/wp\/v2\/media?parent=233162"}],"wp:term":[{"taxonomy":"product_cat","embeddable":true,"href":"https:\/\/www.livrariarema.com.br\/loja\/wp-json\/wp\/v2\/product_cat?post=233162"},{"taxonomy":"product_tag","embeddable":true,"href":"https:\/\/www.livrariarema.com.br\/loja\/wp-json\/wp\/v2\/product_tag?post=233162"}],"curies":[{"name":"wp","href":"https:\/\/api.w.org\/{rel}","templated":true}]}}