{"id":236825,"date":"2023-06-07T16:44:55","date_gmt":"2023-06-07T19:44:55","guid":{"rendered":"https:\/\/www.livrariarema.com.br\/loja\/produtos\/sem categoria\/garrafa-termica-sun-500ml-degrade-dourado\/"},"modified":"2023-06-13T09:13:09","modified_gmt":"2023-06-13T12:13:09","slug":"garrafa-termica-sun-500ml-degrade-dourado","status":"publish","type":"product","link":"https:\/\/www.livrariarema.com.br\/loja\/produtos\/diversos\/garrafa-termica\/garrafa-termica-sun-500ml-degrade-dourado\/","title":{"rendered":"Garrafa T\u00e9rmica &#8211; Sun &#8211; 500Ml &#8211; Degrad\u00ea Dourado"},"content":{"rendered":"<p>A Garrafa T\u00e9rmica Sun parece ser uma excelente op\u00e7\u00e3o para quem deseja manter suas bebidas frias ou quentes por um at\u00e9 12 horas. Com isolamento a v\u00e1cuo, tampa de rosca antivazamentos e resist\u00eancia \u00e0 corros\u00e3o e oxida\u00e7\u00e3o, ela oferece praticidade e durabilidade. Al\u00e9m disso, a garrafa \u00e9 produzida com dupla parede de a\u00e7o inoxid\u00e1vel e \u00e9 livre de BPA, proporcionando maior seguran\u00e7a para a sa\u00fade e o meio ambiente.<\/p>\n<p>Aqui est\u00e3o os cuidados recomendados para o uso adequado da Garrafa T\u00e9rmica Sun:<br \/>\n<br \/>\nN\u00e3o colocar na geladeira ou no congelador: Evite colocar a garrafa t\u00e9rmica na geladeira ou no congelador, pois isso pode afetar seu desempenho e danificar o produto.<br \/>\nEvite choques ou quedas: A garrafa t\u00e9rmica pode ser danificada por choques ou quedas, por isso, tenha cuidado ao manuse\u00e1-la e evite situa\u00e7\u00f5es em que possa ocorrer impacto.<br \/>\nLavar com \u00e1gua, esponja macia e sab\u00e3o neutro: Para limpar a garrafa, utilize \u00e1gua morna, uma esponja macia e sab\u00e3o neutro. Certifique-se de enxaguar bem para remover qualquer res\u00edduo de sab\u00e3o.<br \/>\nN\u00e3o \u00e9 adequado para lava-lou\u00e7as ou micro-ondas: A garrafa t\u00e9rmica n\u00e3o deve ser colocada na lava-lou\u00e7as ou no micro-ondas, pois isso pode danificar o produto.<br \/>\nN\u00e3o utilizar produtos qu\u00edmicos e abrasivos: Evite o uso de produtos qu\u00edmicos ou abrasivos na limpeza da garrafa, pois eles podem comprometer sua integridade.<br \/>\nAo seguir esses cuidados, voc\u00ea poder\u00e1 desfrutar da Garrafa T\u00e9rmica Sun por um longo per\u00edodo, mantendo suas bebidas frias ou quentes e desfrutando de facilidade no transporte de suas bebidas para onde quer que v\u00e1.<\/p>\n","protected":false},"excerpt":{"rendered":"<p>A Garrafa T\u00e9rmica Sun parece ser uma excelente op\u00e7\u00e3o para quem deseja manter suas bebidas frias ou quentes por um&hellip;<\/p>\n","protected":false},"featured_media":237479,"comment_status":"open","ping_status":"closed","template":"","meta":[],"product_cat":[132,242],"product_tag":[],"_links":{"self":[{"href":"https:\/\/www.livrariarema.com.br\/loja\/wp-json\/wp\/v2\/product\/236825"}],"collection":[{"href":"https:\/\/www.livrariarema.com.br\/loja\/wp-json\/wp\/v2\/product"}],"about":[{"href":"https:\/\/www.livrariarema.com.br\/loja\/wp-json\/wp\/v2\/types\/product"}],"replies":[{"embeddable":true,"href":"https:\/\/www.livrariarema.com.br\/loja\/wp-json\/wp\/v2\/comments?post=236825"}],"wp:featuredmedia":[{"embeddable":true,"href":"https:\/\/www.livrariarema.com.br\/loja\/wp-json\/wp\/v2\/media\/237479"}],"wp:attachment":[{"href":"https:\/\/www.livrariarema.com.br\/loja\/wp-json\/wp\/v2\/media?parent=236825"}],"wp:term":[{"taxonomy":"product_cat","embeddable":true,"href":"https:\/\/www.livrariarema.com.br\/loja\/wp-json\/wp\/v2\/product_cat?post=236825"},{"taxonomy":"product_tag","embeddable":true,"href":"https:\/\/www.livrariarema.com.br\/loja\/wp-json\/wp\/v2\/product_tag?post=236825"}],"curies":[{"name":"wp","href":"https:\/\/api.w.org\/{rel}","templated":true}]}}