{"id":238070,"date":"2023-06-16T12:51:50","date_gmt":"2023-06-16T15:51:50","guid":{"rendered":"https:\/\/www.livrariarema.com.br\/loja\/produtos\/sem categoria\/licoes-especiais-o-misterio-do-guarda-chuva-cartazes\/"},"modified":"2024-10-09T16:35:20","modified_gmt":"2024-10-09T19:35:20","slug":"licoes-especiais-o-misterio-do-guarda-chuva-cartazes","status":"publish","type":"product","link":"https:\/\/www.livrariarema.com.br\/loja\/produtos\/diversos\/flanelografo-e-cartazes\/licoes-especiais-o-misterio-do-guarda-chuva-cartazes\/","title":{"rendered":"Li\u00e7\u00f5es Especiais &#8211; O Mist\u00e9rio Do Guarda Chuva &#8211; Cartazes"},"content":{"rendered":"<p>Hist\u00f3ria de um menino que atrav\u00e9s de seu guarda-chuva colorido, conta a hist\u00f3ria do Livro Sem Palavras &#8211; a verdade sobre Deus.<br \/>\nNota: O menino que inspirou esta hist\u00f3ria existiu de verdade. Tinha doze anos quando recebeu Cristo como Salvador numa classe da APEC e depois fez o Turma da B\u00edblia, que \u00e9 um estudo por correspond\u00eancia que a APEC oferecia.<\/p>\n","protected":false},"excerpt":{"rendered":"<p>Hist\u00f3ria de um menino que atrav\u00e9s de seu guarda-chuva colorido, conta a hist\u00f3ria do Livro Sem Palavras &#8211; a verdade&hellip;<\/p>\n","protected":false},"featured_media":0,"comment_status":"open","ping_status":"closed","template":"","meta":[],"product_cat":[132,133],"product_tag":[],"_links":{"self":[{"href":"https:\/\/www.livrariarema.com.br\/loja\/wp-json\/wp\/v2\/product\/238070"}],"collection":[{"href":"https:\/\/www.livrariarema.com.br\/loja\/wp-json\/wp\/v2\/product"}],"about":[{"href":"https:\/\/www.livrariarema.com.br\/loja\/wp-json\/wp\/v2\/types\/product"}],"replies":[{"embeddable":true,"href":"https:\/\/www.livrariarema.com.br\/loja\/wp-json\/wp\/v2\/comments?post=238070"}],"wp:attachment":[{"href":"https:\/\/www.livrariarema.com.br\/loja\/wp-json\/wp\/v2\/media?parent=238070"}],"wp:term":[{"taxonomy":"product_cat","embeddable":true,"href":"https:\/\/www.livrariarema.com.br\/loja\/wp-json\/wp\/v2\/product_cat?post=238070"},{"taxonomy":"product_tag","embeddable":true,"href":"https:\/\/www.livrariarema.com.br\/loja\/wp-json\/wp\/v2\/product_tag?post=238070"}],"curies":[{"name":"wp","href":"https:\/\/api.w.org\/{rel}","templated":true}]}}

Lições Especiais &#8211; O Mistério Do Guarda Chuva &#8211; Cartazes

<p>História de um menino que através de seu guarda-chuva colorido, conta a história do Livro Sem Palavras &#8211; a verdade sobre Deus.<br />
Nota: O menino que inspirou esta história existiu de verdade. Tinha doze anos quando recebeu Cristo como Salvador numa classe da APEC e depois fez o Turma da Bíblia, que é um estudo por correspondência que a APEC oferecia.</p>

<p>História de um menino que através de seu guarda-chuva colorido, conta a história do Livro Sem Palavras &#8211; a verdade&hellip;</p>
