{"id":238097,"date":"2023-06-16T13:04:45","date_gmt":"2023-06-16T16:04:45","guid":{"rendered":"https:\/\/www.livrariarema.com.br\/loja\/produtos\/sem categoria\/licoes-especiais-o-filho-perdido\/"},"modified":"2024-05-28T12:42:08","modified_gmt":"2024-05-28T15:42:08","slug":"licoes-especiais-o-filho-perdido","status":"publish","type":"product","link":"https:\/\/www.livrariarema.com.br\/loja\/produtos\/diversos\/flanelografo-e-cartazes\/licoes-especiais-o-filho-perdido\/","title":{"rendered":"Li\u00e7\u00f5es Especiais &#8211; O Filho Perdido"},"content":{"rendered":"<p>Sugest\u00e3o de programa completo com a li\u00e7\u00e3o sobre essa par\u00e1bola que Jesus contou: com esbo\u00e7o, roteiro, partitura das m\u00fasicas e com sugest\u00f5es de perguntas para a revis\u00e3o e di\u00e1logo para fantoches .<\/p>\n","protected":false},"excerpt":{"rendered":"<p>Sugest\u00e3o de programa completo com a li\u00e7\u00e3o sobre essa par\u00e1bola que Jesus contou: com esbo\u00e7o, roteiro, partitura das m\u00fasicas e&hellip;<\/p>\n","protected":false},"featured_media":299626,"comment_status":"open","ping_status":"closed","template":"","meta":[],"product_cat":[132,133],"product_tag":[],"_links":{"self":[{"href":"https:\/\/www.livrariarema.com.br\/loja\/wp-json\/wp\/v2\/product\/238097"}],"collection":[{"href":"https:\/\/www.livrariarema.com.br\/loja\/wp-json\/wp\/v2\/product"}],"about":[{"href":"https:\/\/www.livrariarema.com.br\/loja\/wp-json\/wp\/v2\/types\/product"}],"replies":[{"embeddable":true,"href":"https:\/\/www.livrariarema.com.br\/loja\/wp-json\/wp\/v2\/comments?post=238097"}],"wp:featuredmedia":[{"embeddable":true,"href":"https:\/\/www.livrariarema.com.br\/loja\/wp-json\/wp\/v2\/media\/299626"}],"wp:attachment":[{"href":"https:\/\/www.livrariarema.com.br\/loja\/wp-json\/wp\/v2\/media?parent=238097"}],"wp:term":[{"taxonomy":"product_cat","embeddable":true,"href":"https:\/\/www.livrariarema.com.br\/loja\/wp-json\/wp\/v2\/product_cat?post=238097"},{"taxonomy":"product_tag","embeddable":true,"href":"https:\/\/www.livrariarema.com.br\/loja\/wp-json\/wp\/v2\/product_tag?post=238097"}],"curies":[{"name":"wp","href":"https:\/\/api.w.org\/{rel}","templated":true}]}}

Lições Especiais &#8211; O Filho Perdido

<p>Sugestão de programa completo com a lição sobre essa parábola que Jesus contou: com esboço, roteiro, partitura das músicas e com sugestões de perguntas para a revisão e diálogo para fantoches .</p>

<p>Sugestão de programa completo com a lição sobre essa parábola que Jesus contou: com esboço, roteiro, partitura das músicas e&hellip;</p>
