{"id":238105,"date":"2023-06-16T13:07:59","date_gmt":"2023-06-16T16:07:59","guid":{"rendered":"https:\/\/www.livrariarema.com.br\/loja\/produtos\/sem%20categoria\/licoes-especiais-voce-esta-ouvindo\/"},"modified":"2024-05-24T13:20:22","modified_gmt":"2024-05-24T16:20:22","slug":"licoes-especiais-voce-esta-ouvindo","status":"publish","type":"product","link":"https:\/\/www.livrariarema.com.br\/loja\/produtos\/diversos\/flanelografo-e-cartazes\/licoes-especiais-voce-esta-ouvindo\/","title":{"rendered":"Li\u00e7\u00f5es Especiais &#8211; Voc\u00ea Est\u00e1 Ouvindo?"},"content":{"rendered":"<p>Nos tempos b\u00edblicos, Deus muitas vezes falava com as pessoas numa voz que elas podiam ouvir. Hoje, Deus fala com seus filhos por meio de sua Palavra, a B\u00edblia. Deus quer falar com voc\u00ea. Mas talvez voc\u00ea est\u00e1 sempre t\u00e3o ocupado, em muitas atividades e divertimentos, que n\u00e3o tem tempo para ler a B\u00edblia e ouvir Deus falar com voc\u00ea. Ou pode ser que voc\u00ea leia a B\u00edblia; mas l\u00ea rapidamente, sem pensar sobre o que est\u00e1 lendo, e assim n\u00e3o ouve realmente o que Deus quer lhe falar por meio da sua Palavra!<br \/>\nDeus quer que voc\u00ea ou\u00e7a e obede\u00e7a \u00e0 sua Palavra. Veja, n\u00e3o basta ouvir, \u00e9 preciso pedir que Deus o ajude a colocar em pr\u00e1tica. &#8220;Sejam praticantes da palavra, e n\u00e3o apenas ouvintes.&#8221;<br \/>\nUse a li\u00e7\u00e3o sobre SAMUEL para desafiar suas crian\u00e7as a obedecer a Deus por inteiro: com os ouvidos, a boca, os olhos, as m\u00e3os e os p\u00e9s.<\/p>\n","protected":false},"excerpt":{"rendered":"<p>Nos tempos b\u00edblicos, Deus muitas vezes falava com as pessoas numa voz que elas podiam ouvir. Hoje, Deus fala com&hellip;<\/p>\n","protected":false},"featured_media":299162,"comment_status":"open","ping_status":"closed","template":"","meta":[],"product_cat":[132,133],"product_tag":[],"_links":{"self":[{"href":"https:\/\/www.livrariarema.com.br\/loja\/wp-json\/wp\/v2\/product\/238105"}],"collection":[{"href":"https:\/\/www.livrariarema.com.br\/loja\/wp-json\/wp\/v2\/product"}],"about":[{"href":"https:\/\/www.livrariarema.com.br\/loja\/wp-json\/wp\/v2\/types\/product"}],"replies":[{"embeddable":true,"href":"https:\/\/www.livrariarema.com.br\/loja\/wp-json\/wp\/v2\/comments?post=238105"}],"wp:featuredmedia":[{"embeddable":true,"href":"https:\/\/www.livrariarema.com.br\/loja\/wp-json\/wp\/v2\/media\/299162"}],"wp:attachment":[{"href":"https:\/\/www.livrariarema.com.br\/loja\/wp-json\/wp\/v2\/media?parent=238105"}],"wp:term":[{"taxonomy":"product_cat","embeddable":true,"href":"https:\/\/www.livrariarema.com.br\/loja\/wp-json\/wp\/v2\/product_cat?post=238105"},{"taxonomy":"product_tag","embeddable":true,"href":"https:\/\/www.livrariarema.com.br\/loja\/wp-json\/wp\/v2\/product_tag?post=238105"}],"curies":[{"name":"wp","href":"https:\/\/api.w.org\/{rel}","templated":true}]}}