{"id":238111,"date":"2023-06-16T13:36:26","date_gmt":"2023-06-16T16:36:26","guid":{"rendered":"https:\/\/www.livrariarema.com.br\/loja\/produtos\/sem categoria\/licoes-especiais-jesus-ressuscita-o-morto\/"},"modified":"2024-05-27T10:00:19","modified_gmt":"2024-05-27T13:00:19","slug":"licoes-especiais-jesus-ressuscita-o-morto","status":"publish","type":"product","link":"https:\/\/www.livrariarema.com.br\/loja\/produtos\/diversos\/flanelografo-e-cartazes\/licoes-especiais-jesus-ressuscita-o-morto\/","title":{"rendered":"Li\u00e7\u00f5es Especiais &#8211; Jesus Ressuscita O Morto"},"content":{"rendered":"<p>Li\u00e7\u00e3o para ensinar que Jesus tem poder at\u00e9 sobre as for\u00e7as da morte; e que devemos aguardar o tempo certo e a resposta certa do Senhor.<\/p>\n<p>Objetivos<br \/>\n&#8211; Que a crian\u00e7a salva aprenda que Deus quer que ela aguarde o tempo certo e a resposta certa de Deus, sem desanimar. <br \/>\n&#8211; Que a crian\u00e7a n\u00e3o salva compreenda que quem cr\u00ea em Jesus recebe vida; n\u00e3o permanece morto em seu pecado (isto \u00e9, separado de Deus).<\/p>\n","protected":false},"excerpt":{"rendered":"<p>Li\u00e7\u00e3o para ensinar que Jesus tem poder at\u00e9 sobre as for\u00e7as da morte; e que devemos aguardar o tempo certo&hellip;<\/p>\n","protected":false},"featured_media":0,"comment_status":"open","ping_status":"closed","template":"","meta":[],"product_cat":[132,133],"product_tag":[],"_links":{"self":[{"href":"https:\/\/www.livrariarema.com.br\/loja\/wp-json\/wp\/v2\/product\/238111"}],"collection":[{"href":"https:\/\/www.livrariarema.com.br\/loja\/wp-json\/wp\/v2\/product"}],"about":[{"href":"https:\/\/www.livrariarema.com.br\/loja\/wp-json\/wp\/v2\/types\/product"}],"replies":[{"embeddable":true,"href":"https:\/\/www.livrariarema.com.br\/loja\/wp-json\/wp\/v2\/comments?post=238111"}],"wp:attachment":[{"href":"https:\/\/www.livrariarema.com.br\/loja\/wp-json\/wp\/v2\/media?parent=238111"}],"wp:term":[{"taxonomy":"product_cat","embeddable":true,"href":"https:\/\/www.livrariarema.com.br\/loja\/wp-json\/wp\/v2\/product_cat?post=238111"},{"taxonomy":"product_tag","embeddable":true,"href":"https:\/\/www.livrariarema.com.br\/loja\/wp-json\/wp\/v2\/product_tag?post=238111"}],"curies":[{"name":"wp","href":"https:\/\/api.w.org\/{rel}","templated":true}]}}