{"id":238116,"date":"2023-06-16T13:37:49","date_gmt":"2023-06-16T16:37:49","guid":{"rendered":"https:\/\/www.livrariarema.com.br\/loja\/produtos\/sem%20categoria\/licoes-especiais-rode-e-a-oracao\/"},"modified":"2025-01-11T12:52:33","modified_gmt":"2025-01-11T15:52:33","slug":"licoes-especiais-rode-e-a-oracao","status":"publish","type":"product","link":"https:\/\/www.livrariarema.com.br\/loja\/produtos\/diversos\/flanelografo-e-cartazes\/licoes-especiais-rode-e-a-oracao\/","title":{"rendered":"Li\u00e7\u00f5es Especiais &#8211; Rode E A Ora\u00e7\u00e3o"},"content":{"rendered":"<p>Um dia, os crist\u00e3os de Jerusal\u00e9m receberam uma terr\u00edvel not\u00edcia: Pedro, um de seus l\u00edderes, tinha sido preso. E agora? Todos sabiam que era imposs\u00edvel fugir daquela pris\u00e3o. Mas os crist\u00e3os tamb\u00e9m sabiam que, diante de uma situa\u00e7\u00e3o aparentemente sem solu\u00e7\u00e3o como aquela, s\u00f3 havia uma coisa a fazer: clamar a Deus, crendo que Ele ouve e responde as ora\u00e7\u00f5es. N\u00e3o importa se Deus responde &#8220;sim&#8221;, &#8220;n\u00e3o&#8221; ou &#8220;espere&#8221;. A resposta de Deus \u00e9 sempre a melhor.<br \/>\nEnsine estas verdades a suas crian\u00e7as com a li\u00e7\u00e3o de RODE, a menina que viu de perto um grande milagre de nosso poderoso e soberano Deus.<\/p>\n","protected":false},"excerpt":{"rendered":"<p>Um dia, os crist\u00e3os de Jerusal\u00e9m receberam uma terr\u00edvel not\u00edcia: Pedro, um de seus l\u00edderes, tinha sido preso. E agora?&hellip;<\/p>\n","protected":false},"featured_media":0,"comment_status":"open","ping_status":"closed","template":"","meta":[],"product_cat":[132,133],"product_tag":[],"_links":{"self":[{"href":"https:\/\/www.livrariarema.com.br\/loja\/wp-json\/wp\/v2\/product\/238116"}],"collection":[{"href":"https:\/\/www.livrariarema.com.br\/loja\/wp-json\/wp\/v2\/product"}],"about":[{"href":"https:\/\/www.livrariarema.com.br\/loja\/wp-json\/wp\/v2\/types\/product"}],"replies":[{"embeddable":true,"href":"https:\/\/www.livrariarema.com.br\/loja\/wp-json\/wp\/v2\/comments?post=238116"}],"wp:attachment":[{"href":"https:\/\/www.livrariarema.com.br\/loja\/wp-json\/wp\/v2\/media?parent=238116"}],"wp:term":[{"taxonomy":"product_cat","embeddable":true,"href":"https:\/\/www.livrariarema.com.br\/loja\/wp-json\/wp\/v2\/product_cat?post=238116"},{"taxonomy":"product_tag","embeddable":true,"href":"https:\/\/www.livrariarema.com.br\/loja\/wp-json\/wp\/v2\/product_tag?post=238116"}],"curies":[{"name":"wp","href":"https:\/\/api.w.org\/{rel}","templated":true}]}}