{"id":238124,"date":"2023-06-16T13:42:18","date_gmt":"2023-06-16T16:42:18","guid":{"rendered":"https:\/\/www.livrariarema.com.br\/loja\/produtos\/sem categoria\/licoes-especiais-o-soldado-cristao\/"},"modified":"2024-09-23T15:17:06","modified_gmt":"2024-09-23T18:17:06","slug":"licoes-especiais-o-soldado-cristao","status":"publish","type":"product","link":"https:\/\/www.livrariarema.com.br\/loja\/produtos\/diversos\/flanelografo-e-cartazes\/licoes-especiais-o-soldado-cristao\/","title":{"rendered":"Li\u00e7\u00f5es Especiais &#8211; O Soldado Crist\u00e3o"},"content":{"rendered":"<p>Use a armadura de Deus para se proteger do mal: capacete da salva\u00e7\u00e3o, a coura\u00e7a da justi\u00e7a, o cinto da verdade, o escudo da f\u00e9, a espada do Esp\u00edrito e os cal\u00e7ados do evangelho da paz.<\/p>\n<p>Objetivo do ensino<br \/>\n&#8211; Que a crian\u00e7a n\u00e3o salva creia em Jesus como seu Salvador e, ent\u00e3o, aprenda a se proteger do mal usando a armadura de Deus.<br \/>\n&#8211; Que a crian\u00e7a salva aprenda a se proteger do mal usando a armadura de Deus.<\/p>\n","protected":false},"excerpt":{"rendered":"<p>Use a armadura de Deus para se proteger do mal: capacete da salva\u00e7\u00e3o, a coura\u00e7a da justi\u00e7a, o cinto da&hellip;<\/p>\n","protected":false},"featured_media":316837,"comment_status":"open","ping_status":"closed","template":"","meta":[],"product_cat":[132,133],"product_tag":[],"_links":{"self":[{"href":"https:\/\/www.livrariarema.com.br\/loja\/wp-json\/wp\/v2\/product\/238124"}],"collection":[{"href":"https:\/\/www.livrariarema.com.br\/loja\/wp-json\/wp\/v2\/product"}],"about":[{"href":"https:\/\/www.livrariarema.com.br\/loja\/wp-json\/wp\/v2\/types\/product"}],"replies":[{"embeddable":true,"href":"https:\/\/www.livrariarema.com.br\/loja\/wp-json\/wp\/v2\/comments?post=238124"}],"wp:featuredmedia":[{"embeddable":true,"href":"https:\/\/www.livrariarema.com.br\/loja\/wp-json\/wp\/v2\/media\/316837"}],"wp:attachment":[{"href":"https:\/\/www.livrariarema.com.br\/loja\/wp-json\/wp\/v2\/media?parent=238124"}],"wp:term":[{"taxonomy":"product_cat","embeddable":true,"href":"https:\/\/www.livrariarema.com.br\/loja\/wp-json\/wp\/v2\/product_cat?post=238124"},{"taxonomy":"product_tag","embeddable":true,"href":"https:\/\/www.livrariarema.com.br\/loja\/wp-json\/wp\/v2\/product_tag?post=238124"}],"curies":[{"name":"wp","href":"https:\/\/api.w.org\/{rel}","templated":true}]}}