{"id":238138,"date":"2023-06-16T13:46:03","date_gmt":"2023-06-16T16:46:03","guid":{"rendered":"https:\/\/www.livrariarema.com.br\/loja\/produtos\/sem categoria\/licoes-missionarias-a-historia-de-jonas-cartazes\/"},"modified":"2025-08-28T11:02:32","modified_gmt":"2025-08-28T14:02:32","slug":"licoes-missionarias-a-historia-de-jonas-cartazes","status":"publish","type":"product","link":"https:\/\/www.livrariarema.com.br\/loja\/produtos\/diversos\/flanelografo-e-cartazes\/licoes-missionarias-a-historia-de-jonas-cartazes\/","title":{"rendered":"Li\u00e7\u00f5es Mission\u00e1rias &#8211; A Hist\u00f3ria De Jonas &#8211; Cartazes"},"content":{"rendered":"<p>Li\u00e7\u00e3o para motivar a crian\u00e7a a mostrar amor aos colegas n\u00e3o salvos, e a compartilhar as Boas Novas do Evangelho de Jesus Cristo.<\/p>\n<p>Objetivo do ensino: Deus tem um trabalho para voc\u00ea.<\/p>\n<p>\u00canfase para a crian\u00e7a salva: Deus enviou Seu Filho ao mundo para morrer na cruz por todas as pessoas e precisa que voc\u00ea fale de Seu amor a todas elas.<\/p>\n<p>Vers\u00edculo para decorar: &#8220;Amados, se Deus de tal maneira nos amou, devemos n\u00f3s tamb\u00e9m amar uns aos outros&#8221;. (1 Jo\u00e3o 4.11)<\/p>\n<p>Acabamento: Cartazes &#8211; 4 cores<br \/>\nTamanho: 21 X 27,5 cm<br \/>\nAno: 2\u00aa &#8211; Dezembro\/2021<br \/>\nFiguras: 10<\/p>\n","protected":false},"excerpt":{"rendered":"<p>Li\u00e7\u00e3o para motivar a crian\u00e7a a mostrar amor aos colegas n\u00e3o salvos, e a compartilhar as Boas Novas do Evangelho&hellip;<\/p>\n","protected":false},"featured_media":0,"comment_status":"open","ping_status":"closed","template":"","meta":[],"product_cat":[132,133],"product_tag":[],"_links":{"self":[{"href":"https:\/\/www.livrariarema.com.br\/loja\/wp-json\/wp\/v2\/product\/238138"}],"collection":[{"href":"https:\/\/www.livrariarema.com.br\/loja\/wp-json\/wp\/v2\/product"}],"about":[{"href":"https:\/\/www.livrariarema.com.br\/loja\/wp-json\/wp\/v2\/types\/product"}],"replies":[{"embeddable":true,"href":"https:\/\/www.livrariarema.com.br\/loja\/wp-json\/wp\/v2\/comments?post=238138"}],"wp:attachment":[{"href":"https:\/\/www.livrariarema.com.br\/loja\/wp-json\/wp\/v2\/media?parent=238138"}],"wp:term":[{"taxonomy":"product_cat","embeddable":true,"href":"https:\/\/www.livrariarema.com.br\/loja\/wp-json\/wp\/v2\/product_cat?post=238138"},{"taxonomy":"product_tag","embeddable":true,"href":"https:\/\/www.livrariarema.com.br\/loja\/wp-json\/wp\/v2\/product_tag?post=238138"}],"curies":[{"name":"wp","href":"https:\/\/api.w.org\/{rel}","templated":true}]}}