{"id":238152,"date":"2023-06-16T13:48:29","date_gmt":"2023-06-16T16:48:29","guid":{"rendered":"https:\/\/www.livrariarema.com.br\/loja\/produtos\/sem%20categoria\/licoes-missionarias-esteja-preparado-cartazes\/"},"modified":"2024-05-24T12:19:25","modified_gmt":"2024-05-24T15:19:25","slug":"licoes-missionarias-esteja-preparado-cartazes","status":"publish","type":"product","link":"https:\/\/www.livrariarema.com.br\/loja\/produtos\/diversos\/flanelografo-e-cartazes\/licoes-missionarias-esteja-preparado-cartazes\/","title":{"rendered":"Li\u00e7\u00f5es Mission\u00e1rias &#8211; Esteja Preparado &#8211; Cartazes"},"content":{"rendered":"<p>Li\u00e7\u00e3o Visualizada: Esteja Preparado! &#8211; Sobre a 2\u00aa vinda de Jesus Cristo<\/p>\n<p>DESCRI\u00c7\u00c3O<br \/>\nJesus prometeu: &#8220;Voltarei&#8221;. A segunda vinda de Jesus Cristo vai acontecer em breve, mas somente Deus sabe o dia e a hora exatos, por isso n\u00f3s precisamos estar preparados! Ensine suas crian\u00e7as a estarem preparadas tamb\u00e9m. Ajude-as a esclarecer d\u00favidas: Como ter certeza de que o Senhor Jesus vai voltar? Como Jesus vir\u00e1? Que sinais indicar\u00e3o que o momento se aproxima? Ensine-lhes que devem esperar pela volta de Jesus, desejando muito que aconte\u00e7a logo, pois Jesus vir\u00e1 trazendo recompensas para quem estiver &#8220;amando a Sua vinda&#8221;.<\/p>\n<p>Observa\u00e7\u00f5es:<br \/>\nFiguras em tamanho A4<br \/>\nRoteiro com esbo\u00e7o da li\u00e7\u00e3o<br \/>\nPerguntas para revis\u00e3o<br \/>\nSugest\u00e3o e atividades complementares<br \/>\nPartituras das m\u00fasicas<\/p>\n","protected":false},"excerpt":{"rendered":"<p>Li\u00e7\u00e3o Visualizada: Esteja Preparado! &#8211; Sobre a 2\u00aa vinda de Jesus Cristo DESCRI\u00c7\u00c3O Jesus prometeu: &#8220;Voltarei&#8221;. A segunda vinda de&hellip;<\/p>\n","protected":false},"featured_media":0,"comment_status":"open","ping_status":"closed","template":"","meta":[],"product_cat":[132,133],"product_tag":[],"_links":{"self":[{"href":"https:\/\/www.livrariarema.com.br\/loja\/wp-json\/wp\/v2\/product\/238152"}],"collection":[{"href":"https:\/\/www.livrariarema.com.br\/loja\/wp-json\/wp\/v2\/product"}],"about":[{"href":"https:\/\/www.livrariarema.com.br\/loja\/wp-json\/wp\/v2\/types\/product"}],"replies":[{"embeddable":true,"href":"https:\/\/www.livrariarema.com.br\/loja\/wp-json\/wp\/v2\/comments?post=238152"}],"wp:attachment":[{"href":"https:\/\/www.livrariarema.com.br\/loja\/wp-json\/wp\/v2\/media?parent=238152"}],"wp:term":[{"taxonomy":"product_cat","embeddable":true,"href":"https:\/\/www.livrariarema.com.br\/loja\/wp-json\/wp\/v2\/product_cat?post=238152"},{"taxonomy":"product_tag","embeddable":true,"href":"https:\/\/www.livrariarema.com.br\/loja\/wp-json\/wp\/v2\/product_tag?post=238152"}],"curies":[{"name":"wp","href":"https:\/\/api.w.org\/{rel}","templated":true}]}}