{"id":238189,"date":"2023-06-16T13:58:54","date_gmt":"2023-06-16T16:58:54","guid":{"rendered":"https:\/\/www.livrariarema.com.br\/loja\/produtos\/sem%20categoria\/licoes-missionarias-nate-saint-operacao-auca-cartazes\/"},"modified":"2025-06-11T11:13:00","modified_gmt":"2025-06-11T14:13:00","slug":"licoes-missionarias-nate-saint-operacao-auca-cartazes","status":"publish","type":"product","link":"https:\/\/www.livrariarema.com.br\/loja\/produtos\/diversos\/flanelografo-e-cartazes\/licoes-missionarias-nate-saint-operacao-auca-cartazes\/","title":{"rendered":"Li\u00e7\u00f5es Mission\u00e1rias &#8211; Nate Saint &#8211; Opera\u00e7\u00e3o Auca &#8211; Cartazes"},"content":{"rendered":"<p>Em 1956, os jovens mission\u00e1rios Nate Saint, Jim Elliot, Peter Fleming, Ed McCullye e Roger Youderian tinham o desejo de alcan\u00e7ar os Huaorani, conhecidos tamb\u00e9m pela civiliza\u00e7\u00e3o moderna como Aucas (selvagens sem roupa), com as verdades transformadoras do Evangelho antes que fosse tarde demais. Ent\u00e3o, eles come\u00e7aram a chamada &#8220;Opera\u00e7\u00e3o Auca&#8221;, que nasceu ap\u00f3s anos de ora\u00e7\u00e3o e servi\u00e7o nas selvas que cercavam os territ\u00f3rios desse povo t\u00e3o oprimido pelo pecado. Usando as habilidades de Nate como piloto com experi\u00eancia para sobrevoar selvas, a equipe de mission\u00e1rios fez seus primeiros contatos com a perigosa tribo, localizada no Equador, com a aeronave em vooo, por quest\u00e3o de seguran\u00e7a; por\u00e9m na sua primeira tentativa de estabelecer contato pac\u00edfico em solo, os jovens foram mortos.<\/p>\n<p>Algumas pessoas afirmam que esses mission\u00e1rios desperdi\u00e7aram as suas vidas; mas suas esposas Marjorie Saint, Elisabeth (Betty) Elliot, Olive Fleming, Marilou McCully e Barbara Youderian se apegaram \u00e0 esperan\u00e7a de que Deus estava operando em todas as coisas para o bem daqueles que o amam. Cinco fam\u00edlias corajosas, no interior de uma selva distante de sua terra natal, escolheram perdoar os homens que brutalmente assassinaram os seus amados. Cada vi\u00fava prosseguiu no servi\u00e7o ao Senhor com sinceridade e comprometimento.<\/p>\n<p>Deus usou o exemplo delas para despertar a curiosidade e trazer convic\u00e7\u00e3o no cora\u00e7\u00e3o da jovem Daiuma, uma Huaorani que tinha fugido de sua aldeia quando a casa de sua fam\u00edlia foi atacada por nativos rivais. E foi, a partir das entranhas dessa trag\u00e9dia, que Deus teceu uma linda hist\u00f3ria, na qual o \u00f3dio e o medo foram totalmente vencidos pelo amor e pelo perd\u00e3o.<\/p>\n<p>Cont\u00e9m: Roteiro + cartazes coloridos (6 figuras para cada cap\u00edtulo) + perguntas para revis\u00e3o de cada li\u00e7\u00e3o.<\/p>\n","protected":false},"excerpt":{"rendered":"<p>Em 1956, os jovens mission\u00e1rios Nate Saint, Jim Elliot, Peter Fleming, Ed McCullye e Roger Youderian tinham o desejo de&hellip;<\/p>\n","protected":false},"featured_media":0,"comment_status":"open","ping_status":"closed","template":"","meta":[],"product_cat":[132,133],"product_tag":[],"_links":{"self":[{"href":"https:\/\/www.livrariarema.com.br\/loja\/wp-json\/wp\/v2\/product\/238189"}],"collection":[{"href":"https:\/\/www.livrariarema.com.br\/loja\/wp-json\/wp\/v2\/product"}],"about":[{"href":"https:\/\/www.livrariarema.com.br\/loja\/wp-json\/wp\/v2\/types\/product"}],"replies":[{"embeddable":true,"href":"https:\/\/www.livrariarema.com.br\/loja\/wp-json\/wp\/v2\/comments?post=238189"}],"wp:attachment":[{"href":"https:\/\/www.livrariarema.com.br\/loja\/wp-json\/wp\/v2\/media?parent=238189"}],"wp:term":[{"taxonomy":"product_cat","embeddable":true,"href":"https:\/\/www.livrariarema.com.br\/loja\/wp-json\/wp\/v2\/product_cat?post=238189"},{"taxonomy":"product_tag","embeddable":true,"href":"https:\/\/www.livrariarema.com.br\/loja\/wp-json\/wp\/v2\/product_tag?post=238189"}],"curies":[{"name":"wp","href":"https:\/\/api.w.org\/{rel}","templated":true}]}}