{"id":240672,"date":"2023-07-03T16:42:04","date_gmt":"2023-07-03T19:42:04","guid":{"rendered":"https:\/\/www.livrariarema.com.br\/loja\/produtos\/sem categoria\/feminilidade-distorcida-confrontando-cinco-tendencias-culturais-jen-oshman\/"},"modified":"2025-07-04T17:12:43","modified_gmt":"2025-07-04T20:12:43","slug":"feminilidade-distorcida-confrontando-cinco-tendencias-culturais-jen-oshman","status":"publish","type":"product","link":"https:\/\/www.livrariarema.com.br\/loja\/produtos\/promocao\/livros-promocao\/feminilidade-distorcida-confrontando-cinco-tendencias-culturais-jen-oshman\/","title":{"rendered":"Feminilidade Distorcida &#8211; Confrontando Cinco Tend\u00eancias Culturais &#8211; Jen Oshman"},"content":{"rendered":"<p>VOC\u00ca SE SENTE VAZIA, MESMO SEGUINDO TODAS AS TEND\u00caNCIAS DA NOSSA CULTURA?<\/p>\n<p>Atualmente, mulheres e meninas est\u00e3o sendo influenciadas por \u00eddolos que prometem prop\u00f3sito e significado para a vida &#8213; beleza, sexo, aborto e fluidez de g\u00eanero &#8213;, mas entregam morte. Aquelas que s\u00e3o crist\u00e3s tamb\u00e9m n\u00e3o est\u00e3o isentas de todo tipo de tenta\u00e7\u00e3o, chegando a idolatrar a boa cria\u00e7\u00e3o de Deus, como o casamento e a maternidade. Todavia, tais \u00eddolos n\u00e3o podem preencher o vazio que somente Deus \u00e9 capaz de satisfazer.<\/p>\n<p>Em Feminilidade distorcida, Jen Oshman encoraja mulheres de todas as gera\u00e7\u00f5es a rejeitarem as promessas vazias e destrutivas dessas tend\u00eancias culturais e a voltarem-se ao \u00danico que preenche nossa vida. S\u00f3 em Jesus podemos firmar nossa verdadeira identidade, a qual \u00e9 inabal\u00e1vel e eterna, e encontrar liberdade e alegria ao explorarmos o bom prop\u00f3sito de Deus para as mulheres.<\/p>\n","protected":false},"excerpt":{"rendered":"<p>VOC\u00ca SE SENTE VAZIA, MESMO SEGUINDO TODAS AS TEND\u00caNCIAS DA NOSSA CULTURA? Atualmente, mulheres e meninas est\u00e3o sendo influenciadas por&hellip;<\/p>\n","protected":false},"featured_media":328595,"comment_status":"open","ping_status":"closed","template":"","meta":[],"product_cat":[143,142],"product_tag":[],"_links":{"self":[{"href":"https:\/\/www.livrariarema.com.br\/loja\/wp-json\/wp\/v2\/product\/240672"}],"collection":[{"href":"https:\/\/www.livrariarema.com.br\/loja\/wp-json\/wp\/v2\/product"}],"about":[{"href":"https:\/\/www.livrariarema.com.br\/loja\/wp-json\/wp\/v2\/types\/product"}],"replies":[{"embeddable":true,"href":"https:\/\/www.livrariarema.com.br\/loja\/wp-json\/wp\/v2\/comments?post=240672"}],"wp:featuredmedia":[{"embeddable":true,"href":"https:\/\/www.livrariarema.com.br\/loja\/wp-json\/wp\/v2\/media\/328595"}],"wp:attachment":[{"href":"https:\/\/www.livrariarema.com.br\/loja\/wp-json\/wp\/v2\/media?parent=240672"}],"wp:term":[{"taxonomy":"product_cat","embeddable":true,"href":"https:\/\/www.livrariarema.com.br\/loja\/wp-json\/wp\/v2\/product_cat?post=240672"},{"taxonomy":"product_tag","embeddable":true,"href":"https:\/\/www.livrariarema.com.br\/loja\/wp-json\/wp\/v2\/product_tag?post=240672"}],"curies":[{"name":"wp","href":"https:\/\/api.w.org\/{rel}","templated":true}]}}