{"id":244423,"date":"2023-07-26T14:49:43","date_gmt":"2023-07-26T17:49:43","guid":{"rendered":"https:\/\/www.livrariarema.com.br\/loja\/produtos\/sem%20categoria\/missao-integral-c-rene-padilla\/"},"modified":"2025-09-16T09:20:48","modified_gmt":"2025-09-16T12:20:48","slug":"missao-integral-c-rene-padilla","status":"publish","type":"product","link":"https:\/\/www.livrariarema.com.br\/loja\/produtos\/livros\/ministerio\/missao-integral-c-rene-padilla\/","title":{"rendered":"Miss\u00e3o Integral &#8211; C. Ren\u00e9 Padilla"},"content":{"rendered":"<p>N\u00e3o \u00e9 poss\u00edvel falar em &#8220;miss\u00e3o integral&#8221; sem falar em Ren\u00e9 Padilla, um dos principais te\u00f3logos e pensadores do protestantismo na Am\u00e9rica Latina.<\/p>\n<p>Miss\u00e3o Integral &#8211; o reino de Deus e a igreja \u00e9 uma edi\u00e7\u00e3o ampliada do cl\u00e1ssico Misi\u00f3n Integral, publicado originalmente no final da d\u00e9cada de 80. Uma abordagem fiel \u00e0s Escrituras e ainda relevante para a igreja brasileira hoje.<\/p>\n<p>Os textos reunidos em Miss\u00e3o Integral refletem o di\u00e1logo teol\u00f3gico que vem sendo realizado nos c\u00edrculos evang\u00e9licos em \u00e2mbito internacional desde o Congresso de Lausanne em 1974. Nas palavras do autor, &#8220;duvido muito que este livro fosse escrito n\u00e3o fossem os respons\u00e1veis por promover este di\u00e1logo, especialmente John Stott e Ronald Sider, que amavelmente nele me inclu\u00edram&#8221;.<\/p>\n","protected":false},"excerpt":{"rendered":"<p>N\u00e3o \u00e9 poss\u00edvel falar em &#8220;miss\u00e3o integral&#8221; sem falar em Ren\u00e9 Padilla, um dos principais te\u00f3logos e pensadores do protestantismo&hellip;<\/p>\n","protected":false},"featured_media":336631,"comment_status":"open","ping_status":"closed","template":"","meta":[],"product_cat":[134,148],"product_tag":[],"_links":{"self":[{"href":"https:\/\/www.livrariarema.com.br\/loja\/wp-json\/wp\/v2\/product\/244423"}],"collection":[{"href":"https:\/\/www.livrariarema.com.br\/loja\/wp-json\/wp\/v2\/product"}],"about":[{"href":"https:\/\/www.livrariarema.com.br\/loja\/wp-json\/wp\/v2\/types\/product"}],"replies":[{"embeddable":true,"href":"https:\/\/www.livrariarema.com.br\/loja\/wp-json\/wp\/v2\/comments?post=244423"}],"wp:featuredmedia":[{"embeddable":true,"href":"https:\/\/www.livrariarema.com.br\/loja\/wp-json\/wp\/v2\/media\/336631"}],"wp:attachment":[{"href":"https:\/\/www.livrariarema.com.br\/loja\/wp-json\/wp\/v2\/media?parent=244423"}],"wp:term":[{"taxonomy":"product_cat","embeddable":true,"href":"https:\/\/www.livrariarema.com.br\/loja\/wp-json\/wp\/v2\/product_cat?post=244423"},{"taxonomy":"product_tag","embeddable":true,"href":"https:\/\/www.livrariarema.com.br\/loja\/wp-json\/wp\/v2\/product_tag?post=244423"}],"curies":[{"name":"wp","href":"https:\/\/api.w.org\/{rel}","templated":true}]}}

Missão Integral &#8211; C. René Padilla

<p>Não é possível falar em &#8220;missão integral&#8221; sem falar em René Padilla, um dos principais teólogos e pensadores do protestantismo na América Latina.</p>
<p>Missão Integral &#8211; o reino de Deus e a igreja é uma edição ampliada do clássico Misión Integral, publicado originalmente no final da década de 80. Uma abordagem fiel às Escrituras e ainda relevante para a igreja brasileira hoje.</p>
<p>Os textos reunidos em Missão Integral refletem o diálogo teológico que vem sendo realizado nos círculos evangélicos em âmbito internacional desde o Congresso de Lausanne em 1974. Nas palavras do autor, &#8220;duvido muito que este livro fosse escrito não fossem os responsáveis por promover este diálogo, especialmente John Stott e Ronald Sider, que amavelmente nele me incluíram&#8221;.</p>

<p>Não é possível falar em &#8220;missão integral&#8221; sem falar em René Padilla, um dos principais teólogos e pensadores do protestantismo&hellip;</p>
