{"id":245586,"date":"2023-08-03T14:26:17","date_gmt":"2023-08-03T17:26:17","guid":{"rendered":"https:\/\/www.livrariarema.com.br\/loja\/produtos\/sem categoria\/comentarios-expositivos-1-samuel-hernandes-dias-lopes\/"},"modified":"2026-03-13T17:01:08","modified_gmt":"2026-03-13T20:01:08","slug":"comentarios-expositivos-1-samuel-hernandes-dias-lopes","status":"publish","type":"product","link":"https:\/\/www.livrariarema.com.br\/loja\/produtos\/livros\/comentario-biblico\/comentarios-expositivos-1-samuel-hernandes-dias-lopes\/","title":{"rendered":"Coment\u00e1rios Expositivos &#8211; 1 Samuel &#8211; Hernandes Dias Lopes"},"content":{"rendered":"<p>1 SAMUEL registra os soberanos prop\u00f3sitos de Deus na Hist\u00f3ria, e toma como ponto de partida a vida de tr\u00eas personagens: Samuel, Saul e Davi.<\/p>\n<p>1 Samuel registra a transi\u00e7\u00e3o do per\u00edodo dos ju\u00edzes para a era dos reis de Israel, isto \u00e9, da passagem da teocracia (o governo de Deus) para a monarquia (o governo de um rei humano). O livro inclui a carreira de Samuel como profeta, sacerdote e juiz; a trajet\u00f3ria de Saul, o rei que se afastou de Deus; e parte da vida de Davi, rei verdadeiramente teocr\u00e1tico, que fundou a dinastia de cuja descend\u00eancia surgiria o Messias. Esse livro n\u00e3o \u00e9, portanto, uma simples cole\u00e7\u00e3o biogr\u00e1fica e de hist\u00f3rias sobre religi\u00e3o e pol\u00edtica em Israel durante a vida desses homens, mas \u00e9 o registro de Deus agindo na Hist\u00f3ria para preparar um povo para si, trazendo-lhe salva\u00e7\u00e3o por interm\u00e9dio de seu \u00faltimo Rei ungido: Jesus Cristo.<\/p>\n","protected":false},"excerpt":{"rendered":"<p>1 SAMUEL registra os soberanos prop\u00f3sitos de Deus na Hist\u00f3ria, e toma como ponto de partida a vida de tr\u00eas&hellip;<\/p>\n","protected":false},"featured_media":346154,"comment_status":"open","ping_status":"closed","template":"","meta":[],"product_cat":[164,134],"product_tag":[],"_links":{"self":[{"href":"https:\/\/www.livrariarema.com.br\/loja\/wp-json\/wp\/v2\/product\/245586"}],"collection":[{"href":"https:\/\/www.livrariarema.com.br\/loja\/wp-json\/wp\/v2\/product"}],"about":[{"href":"https:\/\/www.livrariarema.com.br\/loja\/wp-json\/wp\/v2\/types\/product"}],"replies":[{"embeddable":true,"href":"https:\/\/www.livrariarema.com.br\/loja\/wp-json\/wp\/v2\/comments?post=245586"}],"wp:featuredmedia":[{"embeddable":true,"href":"https:\/\/www.livrariarema.com.br\/loja\/wp-json\/wp\/v2\/media\/346154"}],"wp:attachment":[{"href":"https:\/\/www.livrariarema.com.br\/loja\/wp-json\/wp\/v2\/media?parent=245586"}],"wp:term":[{"taxonomy":"product_cat","embeddable":true,"href":"https:\/\/www.livrariarema.com.br\/loja\/wp-json\/wp\/v2\/product_cat?post=245586"},{"taxonomy":"product_tag","embeddable":true,"href":"https:\/\/www.livrariarema.com.br\/loja\/wp-json\/wp\/v2\/product_tag?post=245586"}],"curies":[{"name":"wp","href":"https:\/\/api.w.org\/{rel}","templated":true}]}}