{"id":245871,"date":"2023-08-04T14:30:28","date_gmt":"2023-08-04T17:30:28","guid":{"rendered":"https:\/\/www.livrariarema.com.br\/loja\/produtos\/sem categoria\/construa-seu-diario-amarelo\/"},"modified":"2026-05-06T15:24:54","modified_gmt":"2026-05-06T18:24:54","slug":"construa-seu-diario-amarelo","status":"publish","type":"product","link":"https:\/\/www.livrariarema.com.br\/loja\/produtos\/livros\/juvenil\/construa-seu-diario-amarelo\/","title":{"rendered":"Construa Seu Di\u00e1rio &#8211; Amarelo"},"content":{"rendered":"<p>Este n\u00e3o \u00e9 um livro comum, e sim o mais legal que voc\u00ea vai ter na vida! Sabe por qu\u00ea? Porque vamos constru\u00ed-lo juntos e, com isso, voc\u00ea vai descobrir diariamente verdades sobre QUEM VOC\u00ca \u00c9! <br \/>\nAtrav\u00e9s de p\u00e1ginas in\u00e9ditas e criativas, que o levar\u00e3o a momentos de reflex\u00e3o, mas tamb\u00e9m de boas risadas, algo novo ser\u00e1 gerado dentro de voc\u00ea. <br \/>\nA regra principal \u00e9: N\u00c3O S\u00d3 LEIA, VIVA este livro comigo e com o autor principal desta obra, JESUS! <br \/>\nE a\u00ed, vamos construir algo novo?<\/p>\n","protected":false},"excerpt":{"rendered":"<p>Este n\u00e3o \u00e9 um livro comum, e sim o mais legal que voc\u00ea vai ter na vida! Sabe por qu\u00ea?&hellip;<\/p>\n","protected":false},"featured_media":347963,"comment_status":"open","ping_status":"closed","template":"","meta":[],"product_cat":[184,134],"product_tag":[],"_links":{"self":[{"href":"https:\/\/www.livrariarema.com.br\/loja\/wp-json\/wp\/v2\/product\/245871"}],"collection":[{"href":"https:\/\/www.livrariarema.com.br\/loja\/wp-json\/wp\/v2\/product"}],"about":[{"href":"https:\/\/www.livrariarema.com.br\/loja\/wp-json\/wp\/v2\/types\/product"}],"replies":[{"embeddable":true,"href":"https:\/\/www.livrariarema.com.br\/loja\/wp-json\/wp\/v2\/comments?post=245871"}],"wp:featuredmedia":[{"embeddable":true,"href":"https:\/\/www.livrariarema.com.br\/loja\/wp-json\/wp\/v2\/media\/347963"}],"wp:attachment":[{"href":"https:\/\/www.livrariarema.com.br\/loja\/wp-json\/wp\/v2\/media?parent=245871"}],"wp:term":[{"taxonomy":"product_cat","embeddable":true,"href":"https:\/\/www.livrariarema.com.br\/loja\/wp-json\/wp\/v2\/product_cat?post=245871"},{"taxonomy":"product_tag","embeddable":true,"href":"https:\/\/www.livrariarema.com.br\/loja\/wp-json\/wp\/v2\/product_tag?post=245871"}],"curies":[{"name":"wp","href":"https:\/\/api.w.org\/{rel}","templated":true}]}}