{"id":246539,"date":"2023-08-09T10:45:14","date_gmt":"2023-08-09T13:45:14","guid":{"rendered":"https:\/\/www.livrariarema.com.br\/loja\/produtos\/sem categoria\/bloco-de-notas-tris-holic-sorvete-20-folhas-cada-6-blocos\/"},"modified":"2026-01-23T15:50:32","modified_gmt":"2026-01-23T18:50:32","slug":"bloco-de-notas-tris-holic-sorvete-20-folhas-cada-6-blocos","status":"publish","type":"product","link":"https:\/\/www.livrariarema.com.br\/loja\/produtos\/papelaria\/bloco\/bloco-de-notas-tris-holic-sorvete-20-folhas-cada-6-blocos\/","title":{"rendered":"Bloco De Notas &#8211; Tris &#8211; Holic &#8211; Sorvete &#8211; 20 Folhas Cada &#8211; 6 Blocos"},"content":{"rendered":"<p>Tudo de mais fofo \u00e9 o que voc\u00ea vai ver por aqui: comidinhas, arco-\u00edris e os bichinhos mais requisitados! A linha Holic Fofurices veio para deixar o seu estojo ainda mais lindo. As notas autoadesivas Sorvete possuem abas, que facilitam o uso e 6 diferentes estampas de sorvetes e picol\u00e9s, para diferenciar suas marca\u00e7\u00f5es. <br \/>\nDimens\u00f5es: 45x45mm<\/p>\n","protected":false},"excerpt":{"rendered":"<p>Tudo de mais fofo \u00e9 o que voc\u00ea vai ver por aqui: comidinhas, arco-\u00edris e os bichinhos mais requisitados! A&hellip;<\/p>\n","protected":false},"featured_media":247089,"comment_status":"open","ping_status":"closed","template":"","meta":[],"product_cat":[239,215],"product_tag":[],"_links":{"self":[{"href":"https:\/\/www.livrariarema.com.br\/loja\/wp-json\/wp\/v2\/product\/246539"}],"collection":[{"href":"https:\/\/www.livrariarema.com.br\/loja\/wp-json\/wp\/v2\/product"}],"about":[{"href":"https:\/\/www.livrariarema.com.br\/loja\/wp-json\/wp\/v2\/types\/product"}],"replies":[{"embeddable":true,"href":"https:\/\/www.livrariarema.com.br\/loja\/wp-json\/wp\/v2\/comments?post=246539"}],"wp:featuredmedia":[{"embeddable":true,"href":"https:\/\/www.livrariarema.com.br\/loja\/wp-json\/wp\/v2\/media\/247089"}],"wp:attachment":[{"href":"https:\/\/www.livrariarema.com.br\/loja\/wp-json\/wp\/v2\/media?parent=246539"}],"wp:term":[{"taxonomy":"product_cat","embeddable":true,"href":"https:\/\/www.livrariarema.com.br\/loja\/wp-json\/wp\/v2\/product_cat?post=246539"},{"taxonomy":"product_tag","embeddable":true,"href":"https:\/\/www.livrariarema.com.br\/loja\/wp-json\/wp\/v2\/product_tag?post=246539"}],"curies":[{"name":"wp","href":"https:\/\/api.w.org\/{rel}","templated":true}]}}