{"id":246541,"date":"2023-08-09T10:45:21","date_gmt":"2023-08-09T13:45:21","guid":{"rendered":"https:\/\/www.livrariarema.com.br\/loja\/produtos\/sem categoria\/bloco-de-notas-tris-holic-cupcake-50-folhas\/"},"modified":"2026-04-10T17:21:26","modified_gmt":"2026-04-10T20:21:26","slug":"bloco-de-notas-tris-holic-cupcake-50-folhas","status":"publish","type":"product","link":"https:\/\/www.livrariarema.com.br\/loja\/produtos\/promocao\/papelaria-promocao\/bloco-de-notas-tris-holic-cupcake-50-folhas\/","title":{"rendered":"Bloco De Notas &#8211; Tris &#8211; Holic &#8211; Cupcake &#8211; 50 Folhas"},"content":{"rendered":"<p>Tudo de mais fofo \u00e9 o que voc\u00ea vai ver por aqui: comidinhas, arco-\u00edris e os bichinhos mais requisitados! A linha Holic Fofurices veio para deixar o seu estojo ainda mais lindo. As notas autoadesivas Cupcake aceitam escritas e ir\u00e3o ado\u00e7ar suas anota\u00e7\u00f5es. <br \/>\nDimens\u00f5es: 70x70mm<\/p>\n","protected":false},"excerpt":{"rendered":"<p>Tudo de mais fofo \u00e9 o que voc\u00ea vai ver por aqui: comidinhas, arco-\u00edris e os bichinhos mais requisitados! A&hellip;<\/p>\n","protected":false},"featured_media":344153,"comment_status":"open","ping_status":"closed","template":"","meta":[],"product_cat":[307,142],"product_tag":[],"_links":{"self":[{"href":"https:\/\/www.livrariarema.com.br\/loja\/wp-json\/wp\/v2\/product\/246541"}],"collection":[{"href":"https:\/\/www.livrariarema.com.br\/loja\/wp-json\/wp\/v2\/product"}],"about":[{"href":"https:\/\/www.livrariarema.com.br\/loja\/wp-json\/wp\/v2\/types\/product"}],"replies":[{"embeddable":true,"href":"https:\/\/www.livrariarema.com.br\/loja\/wp-json\/wp\/v2\/comments?post=246541"}],"wp:featuredmedia":[{"embeddable":true,"href":"https:\/\/www.livrariarema.com.br\/loja\/wp-json\/wp\/v2\/media\/344153"}],"wp:attachment":[{"href":"https:\/\/www.livrariarema.com.br\/loja\/wp-json\/wp\/v2\/media?parent=246541"}],"wp:term":[{"taxonomy":"product_cat","embeddable":true,"href":"https:\/\/www.livrariarema.com.br\/loja\/wp-json\/wp\/v2\/product_cat?post=246541"},{"taxonomy":"product_tag","embeddable":true,"href":"https:\/\/www.livrariarema.com.br\/loja\/wp-json\/wp\/v2\/product_tag?post=246541"}],"curies":[{"name":"wp","href":"https:\/\/api.w.org\/{rel}","templated":true}]}}