{"id":248790,"date":"2023-08-22T09:45:14","date_gmt":"2023-08-22T12:45:14","guid":{"rendered":"https:\/\/www.livrariarema.com.br\/loja\/produtos\/sem categoria\/biblia-nvi-letra-hipergigante-capa-luxo-coverbook-bordo\/"},"modified":"2023-10-04T13:42:47","modified_gmt":"2023-10-04T16:42:47","slug":"biblia-nvi-letra-hipergigante-capa-luxo-coverbook-bordo","status":"publish","type":"product","link":"https:\/\/www.livrariarema.com.br\/loja\/produtos\/biblias\/nvi\/biblia-nvi-letra-hipergigante-capa-luxo-coverbook-bordo\/","title":{"rendered":"B\u00edblia &#8211; Nvi &#8211; Letra Hipergigante &#8211; Capa Luxo Coverbook &#8211; Bord\u00f4"},"content":{"rendered":"<p>B\u00edblia Sagrada, com a linguagem na vers\u00e3o NVI (Nova Vers\u00e3o Internacional). Dentre as vers\u00f5es b\u00edblia ela se torna uma das mais modernas e preservando a clareza do texto, permanecendo fiel aos escritos originais.<\/p>\n","protected":false},"excerpt":{"rendered":"<p>B\u00edblia Sagrada, com a linguagem na vers\u00e3o NVI (Nova Vers\u00e3o Internacional). Dentre as vers\u00f5es b\u00edblia ela se torna uma das&hellip;<\/p>\n","protected":false},"featured_media":249642,"comment_status":"open","ping_status":"closed","template":"","meta":[],"product_cat":[139,166],"product_tag":[],"_links":{"self":[{"href":"https:\/\/www.livrariarema.com.br\/loja\/wp-json\/wp\/v2\/product\/248790"}],"collection":[{"href":"https:\/\/www.livrariarema.com.br\/loja\/wp-json\/wp\/v2\/product"}],"about":[{"href":"https:\/\/www.livrariarema.com.br\/loja\/wp-json\/wp\/v2\/types\/product"}],"replies":[{"embeddable":true,"href":"https:\/\/www.livrariarema.com.br\/loja\/wp-json\/wp\/v2\/comments?post=248790"}],"wp:featuredmedia":[{"embeddable":true,"href":"https:\/\/www.livrariarema.com.br\/loja\/wp-json\/wp\/v2\/media\/249642"}],"wp:attachment":[{"href":"https:\/\/www.livrariarema.com.br\/loja\/wp-json\/wp\/v2\/media?parent=248790"}],"wp:term":[{"taxonomy":"product_cat","embeddable":true,"href":"https:\/\/www.livrariarema.com.br\/loja\/wp-json\/wp\/v2\/product_cat?post=248790"},{"taxonomy":"product_tag","embeddable":true,"href":"https:\/\/www.livrariarema.com.br\/loja\/wp-json\/wp\/v2\/product_tag?post=248790"}],"curies":[{"name":"wp","href":"https:\/\/api.w.org\/{rel}","templated":true}]}}