{"id":248890,"date":"2023-08-22T09:55:25","date_gmt":"2023-08-22T12:55:25","guid":{"rendered":"https:\/\/www.livrariarema.com.br\/loja\/produtos\/sem categoria\/biblia-nvi-com-pauta-para-anotacoes-espiral-floral-magenta\/"},"modified":"2025-03-26T14:10:09","modified_gmt":"2025-03-26T17:10:09","slug":"biblia-nvi-com-pauta-para-anotacoes-espiral-floral-magenta","status":"publish","type":"product","link":"https:\/\/www.livrariarema.com.br\/loja\/produtos\/biblias\/nvi\/biblia-nvi-com-pauta-para-anotacoes-espiral-floral-magenta\/","title":{"rendered":"B\u00edblia Nvi &#8211; Com Pauta Para Anota\u00e7\u00f5es &#8211; Espiral &#8211; Floral Magenta"},"content":{"rendered":"<p>Seja para estudos individuais, devocionais ou atividades em grupo, a B\u00edblia para Anota\u00e7\u00f5es oferece uma ferramenta valiosa para voc\u00ea se conectar de maneira mais profunda com as Escrituras e registrar suas experi\u00eancias espirituais ao longo do caminho da f\u00e9.<\/p>\n<p>A tradu\u00e7\u00e3o Nova Vers\u00e3o Internacional (NVI) possui linguagem clara, contempor\u00e2nea e acess\u00edvel, equilibrando a fidelidade ao texto original com uma abordagem lingu\u00edstica moderna, tornando a leitura das Escrituras mais compreens\u00edvel para os leitores de hoje.<\/p>\n<p>As pautas para anota\u00e7\u00f5es permitem que voc\u00ea destaque passagens importantes, esbo\u00e7os de fachadas, crie mapas conceituais ou at\u00e9 mesmo desenhos que representam visualmente suas representa\u00e7\u00f5es espirituais.<br \/>\n&#8211; Letra Grande<br \/>\n&#8211; Borda estampada<br \/>\n&#8211; Tamanho: 19,5x24cm<br \/>\n&#8211; Pautas para anota\u00e7\u00f5es<br \/>\n&#8211; Antigo e Novo Testamento<br \/>\n&#8211; NVI &#8211; Nova Vers\u00e3o Internacional<br \/>\n&#8211; Capa dura espiral com canto arredondado<br \/>\n&#8211; \u00cdndice do Esbo\u00e7o Tem\u00e1tico e Resumo dos Livros<\/p>\n","protected":false},"excerpt":{"rendered":"<p>Seja para estudos individuais, devocionais ou atividades em grupo, a B\u00edblia para Anota\u00e7\u00f5es oferece uma ferramenta valiosa para voc\u00ea se&hellip;<\/p>\n","protected":false},"featured_media":249680,"comment_status":"open","ping_status":"closed","template":"","meta":[],"product_cat":[139,166],"product_tag":[],"_links":{"self":[{"href":"https:\/\/www.livrariarema.com.br\/loja\/wp-json\/wp\/v2\/product\/248890"}],"collection":[{"href":"https:\/\/www.livrariarema.com.br\/loja\/wp-json\/wp\/v2\/product"}],"about":[{"href":"https:\/\/www.livrariarema.com.br\/loja\/wp-json\/wp\/v2\/types\/product"}],"replies":[{"embeddable":true,"href":"https:\/\/www.livrariarema.com.br\/loja\/wp-json\/wp\/v2\/comments?post=248890"}],"wp:featuredmedia":[{"embeddable":true,"href":"https:\/\/www.livrariarema.com.br\/loja\/wp-json\/wp\/v2\/media\/249680"}],"wp:attachment":[{"href":"https:\/\/www.livrariarema.com.br\/loja\/wp-json\/wp\/v2\/media?parent=248890"}],"wp:term":[{"taxonomy":"product_cat","embeddable":true,"href":"https:\/\/www.livrariarema.com.br\/loja\/wp-json\/wp\/v2\/product_cat?post=248890"},{"taxonomy":"product_tag","embeddable":true,"href":"https:\/\/www.livrariarema.com.br\/loja\/wp-json\/wp\/v2\/product_tag?post=248890"}],"curies":[{"name":"wp","href":"https:\/\/api.w.org\/{rel}","templated":true}]}}