{"id":250048,"date":"2023-08-26T11:05:44","date_gmt":"2023-08-26T14:05:44","guid":{"rendered":"https:\/\/www.livrariarema.com.br\/loja\/produtos\/sem%20categoria\/caminho-biblico-da-espiritualidade-crista-o-jose-carlos-pezini-e-luiz-alexandre-r-branco\/"},"modified":"2024-09-04T13:32:49","modified_gmt":"2024-09-04T16:32:49","slug":"caminho-biblico-da-espiritualidade-crista-o-jose-carlos-pezini-e-luiz-alexandre-r-branco","status":"publish","type":"product","link":"https:\/\/www.livrariarema.com.br\/loja\/produtos\/livros\/espiritualidade\/caminho-biblico-da-espiritualidade-crista-o-jose-carlos-pezini-e-luiz-alexandre-r-branco\/","title":{"rendered":"Caminho B\u00edblico Da Espiritualidade Crist\u00e3, O &#8211; Jos\u00e9 Carlos Pezini E Luiz Alexandre R. Branco"},"content":{"rendered":"<p>A espiritualidade n\u00e3o \u00e9 uma parte da vida do crist\u00e3o, na verdade o crist\u00e3o \u00e9 espiritual. Infelizmente ao longo da hist\u00f3ria do cristianismo a vida crist\u00e3 foi compartimentada de forma que as disciplinas crist\u00e3s deixaram de se complementar e passaram a ser vivenciadas como realidades isoladas. Esse comportamento criou a ideia de que alguns s\u00e3o &#8220;bons&#8221; no manejo da Escritura, enquanto outros s\u00e3o &#8220;bons&#8221; na ora\u00e7\u00e3o e outros, no compartilhar da f\u00e9. Entretanto, a vida crist\u00e3 deve ser o equil\u00edbrio de todas as disciplinas crist\u00e3s. \u00c9 esperado que o crist\u00e3o seja t\u00e3o bom no manejo da Escritura quanto \u00e9 na ora\u00e7\u00e3o e da\u00ed por diante.<Br><br \/>\nNeste livro buscamos uma vida espiritual integral. Observaremos o testemunho de alguns vultos da espiritualidade e veremos como as suas vidas foram importantes no tempo em que viveram e como impactaram suas comunidades. Observaremos ainda alguns tipos de espiritualidade que s\u00e3o doentias e promovem o desequil\u00edbrio na vida crist\u00e3. Nosso desejo \u00e9 que este livro possa contribuir para uma viv\u00eancia crist\u00e3 enriquecida e que no final da sua leitura voc\u00ea encontre um caminho claro e encorajador para seu relacionamento com Deus.<\/p>\n","protected":false},"excerpt":{"rendered":"<p>A espiritualidade n\u00e3o \u00e9 uma parte da vida do crist\u00e3o, na verdade o crist\u00e3o \u00e9 espiritual. Infelizmente ao longo da&hellip;<\/p>\n","protected":false},"featured_media":313694,"comment_status":"open","ping_status":"closed","template":"","meta":[],"product_cat":[160,134],"product_tag":[],"_links":{"self":[{"href":"https:\/\/www.livrariarema.com.br\/loja\/wp-json\/wp\/v2\/product\/250048"}],"collection":[{"href":"https:\/\/www.livrariarema.com.br\/loja\/wp-json\/wp\/v2\/product"}],"about":[{"href":"https:\/\/www.livrariarema.com.br\/loja\/wp-json\/wp\/v2\/types\/product"}],"replies":[{"embeddable":true,"href":"https:\/\/www.livrariarema.com.br\/loja\/wp-json\/wp\/v2\/comments?post=250048"}],"wp:featuredmedia":[{"embeddable":true,"href":"https:\/\/www.livrariarema.com.br\/loja\/wp-json\/wp\/v2\/media\/313694"}],"wp:attachment":[{"href":"https:\/\/www.livrariarema.com.br\/loja\/wp-json\/wp\/v2\/media?parent=250048"}],"wp:term":[{"taxonomy":"product_cat","embeddable":true,"href":"https:\/\/www.livrariarema.com.br\/loja\/wp-json\/wp\/v2\/product_cat?post=250048"},{"taxonomy":"product_tag","embeddable":true,"href":"https:\/\/www.livrariarema.com.br\/loja\/wp-json\/wp\/v2\/product_tag?post=250048"}],"curies":[{"name":"wp","href":"https:\/\/api.w.org\/{rel}","templated":true}]}}