{"id":250069,"date":"2023-08-26T11:07:07","date_gmt":"2023-08-26T14:07:07","guid":{"rendered":"https:\/\/www.livrariarema.com.br\/loja\/produtos\/sem%20categoria\/comentario-esperanca-nt-evangelho-de-joao-vol-1-werner-de-boor\/"},"modified":"2025-04-22T11:07:16","modified_gmt":"2025-04-22T14:07:16","slug":"comentario-esperanca-nt-evangelho-de-joao-vol-1-werner-de-boor","status":"publish","type":"product","link":"https:\/\/www.livrariarema.com.br\/loja\/produtos\/livros\/comentario-biblico\/comentario-esperanca-nt-evangelho-de-joao-vol-1-werner-de-boor\/","title":{"rendered":"Coment\u00e1rio Esperan\u00e7a &#8211; Nt &#8211; Evangelho De Jo\u00e3o &#8211; Vol. 1 &#8211; Werner De Boor"},"content":{"rendered":"<p>Coment\u00e1rio Esperan\u00e7a do Novo Testamento &#8211; Evangelho de Jo\u00e3o &#8211; Volume I &#8211; Do cap\u00edtulo 1.1 a 10.42 &#8211; traduzido do idioma alem\u00e3o: Wuppertaler Studienbibel NT.<\/p>\n<p>Dr. Werner de Boor (1899-1976) \u00e9 o autor com o maior n\u00famero de contribui\u00e7\u00f5es para a s\u00e9rie de Coment\u00e1rios Esperan\u00e7a do Novo Testamento.<br \/>\nJ\u00e1 na introdu\u00e7\u00e3o desta obra ele apresenta a bibliografia necess\u00e1ria para orientar o leitor sobre as diferentes interpreta\u00e7\u00f5es atuais do Evangelho de Jo\u00e3o. Contudo, no coment\u00e1rio vers\u00edculo a vers\u00edculo, ele confere maior aten\u00e7\u00e3o ao texto em si e \u00e0 sua aplica\u00e7\u00e3o para a igreja. O motivo disto, como explicou Adolf Schlatter, \u00e9 porque o emaranhado de vozes acad\u00eamicas pode perturbar nossa escuta do que a B\u00edblia tem a nos dizer claramente.<br \/>\nWerner de Boor defende a autoria do Evangelho por Jo\u00e3o e interpreta os ensinos e milagres de Jesus no contexto b\u00edblico da rela\u00e7\u00e3o do Antigo e do Novo Testamento. Neste quadro, a f\u00e9 verdadeira \u00e9 explicada como o gesto de submiss\u00e3o a Jesus, depois da derrota interior, desvencilhando-se da vida anterior, para o crist\u00e3o viver na liberdade do Evangelho.<br \/>\nEsta obra ser\u00e1 um importante aux\u00edlio ao leitor para o estudo do Evangelho de Jo\u00e3o e tamb\u00e9m para a forma\u00e7\u00e3o de uma espiritualidade b\u00edblica.<\/p>\n<p>Dr. Werner de Boor (1899-1976), nascido em Breslau (Alemanha), estudou em v\u00e1rias universidades alem\u00e3s e fez o seu doutorado em teologia na Universidade de Marburg, no ano de 1928. Em seguida trabalhou no minist\u00e9rio pastoral em v\u00e1rias comunidades evang\u00e9licas. Mais tarde ele se dedicou em especial ao minist\u00e9rio de evangeliza\u00e7\u00e3o no estado de Mecklenburg (antiga Alemanha Oriental). Em 1957, iniciou seu minist\u00e9rio como autor com os coment\u00e1rios b\u00edblicos e a partir do ano de 1962 foi convidado a ser co-diretor da s\u00e9rie Wuppertaler Studienbibel NT, que ele liderou juntamente com Adolf Pohl.<\/p>\n<p>&#8220;Os coment\u00e1rios Esperan\u00e7a s\u00e3o uma ferramenta indispens\u00e1vel para quem estuda seriamente a B\u00edblia. Elaborados dentro da renomada tradi\u00e7\u00e3o da pesquisa teol\u00f3gica alem\u00e3, tendo como autores nomes de peso como Werner de Boor e Fritz Rienecker, a s\u00e9rie \u00e9 \u00fatil para o estudioso, o pregador e o pastor, principalmente, por praticar uma hermen\u00eautica de afirma\u00e7\u00e3o do texto b\u00edblico e de sua autoridade para a Igreja.&#8221;<br \/>\nLuiz Say\u00e3o &#8211; Professor, hebraista, escritor, tradutor da B\u00edblia e editor do programa &#8220;Rota 66&#8221; da RTM &#8211; R\u00e1dio TransMundial.<\/p>\n","protected":false},"excerpt":{"rendered":"<p>Coment\u00e1rio Esperan\u00e7a do Novo Testamento &#8211; Evangelho de Jo\u00e3o &#8211; Volume I &#8211; Do cap\u00edtulo 1.1 a 10.42 &#8211; traduzido&hellip;<\/p>\n","protected":false},"featured_media":329621,"comment_status":"open","ping_status":"closed","template":"","meta":[],"product_cat":[164,134],"product_tag":[],"_links":{"self":[{"href":"https:\/\/www.livrariarema.com.br\/loja\/wp-json\/wp\/v2\/product\/250069"}],"collection":[{"href":"https:\/\/www.livrariarema.com.br\/loja\/wp-json\/wp\/v2\/product"}],"about":[{"href":"https:\/\/www.livrariarema.com.br\/loja\/wp-json\/wp\/v2\/types\/product"}],"replies":[{"embeddable":true,"href":"https:\/\/www.livrariarema.com.br\/loja\/wp-json\/wp\/v2\/comments?post=250069"}],"wp:featuredmedia":[{"embeddable":true,"href":"https:\/\/www.livrariarema.com.br\/loja\/wp-json\/wp\/v2\/media\/329621"}],"wp:attachment":[{"href":"https:\/\/www.livrariarema.com.br\/loja\/wp-json\/wp\/v2\/media?parent=250069"}],"wp:term":[{"taxonomy":"product_cat","embeddable":true,"href":"https:\/\/www.livrariarema.com.br\/loja\/wp-json\/wp\/v2\/product_cat?post=250069"},{"taxonomy":"product_tag","embeddable":true,"href":"https:\/\/www.livrariarema.com.br\/loja\/wp-json\/wp\/v2\/product_tag?post=250069"}],"curies":[{"name":"wp","href":"https:\/\/api.w.org\/{rel}","templated":true}]}}