{"id":250071,"date":"2023-08-26T11:07:13","date_gmt":"2023-08-26T14:07:13","guid":{"rendered":"https:\/\/www.livrariarema.com.br\/loja\/produtos\/sem%20categoria\/comentario-esperanca-nt-apocalipse-de-joao-vol-2-adolf-pohl\/"},"modified":"2024-09-04T13:34:57","modified_gmt":"2024-09-04T16:34:57","slug":"comentario-esperanca-nt-apocalipse-de-joao-vol-2-adolf-pohl","status":"publish","type":"product","link":"https:\/\/www.livrariarema.com.br\/loja\/produtos\/livros\/comentario-biblico\/comentario-esperanca-nt-apocalipse-de-joao-vol-2-adolf-pohl\/","title":{"rendered":"Coment\u00e1rio Esperan\u00e7a &#8211; Nt &#8211; Apocalipse De Jo\u00e3o &#8211; Vol. 2 &#8211; Adolf Pohl"},"content":{"rendered":"<p>Coment\u00e1rio Esperan\u00e7a do Novo Testamento &#8211; Apocalipse de Jo\u00e3o &#8211; Volume II &#8211; Do cap\u00edtulo 8.2 a 22.21 &#8211; traduzido do idioma alem\u00e3o: Wuppertaler Studienbibel NT.<\/p>\n<p>Adolf Pohl \u00e9 o autor que mais contribuiu para a atualiza\u00e7\u00e3o e complemento da s\u00e9rie de Coment\u00e1rios Esperan\u00e7a do Novo Testamento.<br \/>\nO autor afirma que o Apocalipse de Jo\u00e3o \u00e9 um manuscrito ardente e contagiante. Desde os primeiros crist\u00e3os, todos os seus leitores s\u00e3o desafiados por este livro b\u00edblico a um consistente servi\u00e7o a Deus. O coment\u00e1rio traz uma estrutura geral e an\u00e1lise vers\u00edculo a vers\u00edculo. Sua caracter\u00edstica liter\u00e1ria cont\u00ednua forma um fio narrativo que estabelece liga\u00e7\u00f5es que precisam ser consideradas, formando uma vis\u00e3o panor\u00e2mica para a interpreta\u00e7\u00e3o clara das profecias para a igreja hoje.<br \/>\nEsta obra \u00e9 uma das mais prestigiadas de toda a s\u00e9rie de Coment\u00e1rios Esperan\u00e7a do Novo Testamento.<\/p>\n<p>Adolf Pohl, nascido em 1927, cresceu e estudou teologia em Hamburgo (Alemanha). Ap\u00f3s concluir os estudos, assumiu um trabalho pastoral na antiga Alemanha Oriental. Em seguida atuou durante dois anos como redator de publica\u00e7\u00f5es crist\u00e3s. De 1959 a 1991 foi docente nas disciplinas de Novo Testamento e Dogm\u00e1tica no Semin\u00e1rio Teol\u00f3gico em Buckow (Brandenburgo), mantido por diferentes Igrejas Evang\u00e9licas Independentes da Alemanha Oriental. Ele dirigiu, juntamente com o Dr. Werner de Boor, a s\u00e9rie Wuppertaler Studienbibel NT.<\/p>\n<p>Estes coment\u00e1rios de Apocalipse I e II surgiram sob muita press\u00e3o e perigo pessoal, pois naquela\u00e9poca o Pr. Pohl n\u00e3o recebeu permiss\u00e3o das autoridades comunistas paraescrev\u00ea-los e muito menos para edit\u00e1-los. Para produzi-los foi necess\u00e1riocontrabandear os textos para a Alemanha Ocidental. Apenas pela gra\u00e7a de Deus eseu cuidado que a publica\u00e7\u00e3o destes coment\u00e1rios se tornou poss\u00edvel.<\/p>\n<p>&#8220;Os coment\u00e1rios Esperan\u00e7a s\u00e3o uma ferramenta indispens\u00e1vel para quem estuda seriamente a B\u00edblia. Elaborados dentro da renomada tradi\u00e7\u00e3o da pesquisa teol\u00f3gica alem\u00e3, tendo como autores nomes de peso como Werner de Boor e Fritz Rienecker, a s\u00e9rie \u00e9 \u00fatil para o estudioso, o pregador e o pastor, principalmente, por praticar uma hermen\u00eautica de afirma\u00e7\u00e3o do texto b\u00edblico e de sua autoridade para a Igreja.&#8221;<br \/>\nLuiz Say\u00e3o &#8211; Professor, hebraista, escritor, tradutor da B\u00edblia e editor do programa &#8220;Rota 66&#8221; da RTM &#8211; R\u00e1dio TransMundial.<\/p>\n","protected":false},"excerpt":{"rendered":"<p>Coment\u00e1rio Esperan\u00e7a do Novo Testamento &#8211; Apocalipse de Jo\u00e3o &#8211; Volume II &#8211; Do cap\u00edtulo 8.2 a 22.21 &#8211; traduzido&hellip;<\/p>\n","protected":false},"featured_media":313706,"comment_status":"open","ping_status":"closed","template":"","meta":[],"product_cat":[164,134],"product_tag":[],"_links":{"self":[{"href":"https:\/\/www.livrariarema.com.br\/loja\/wp-json\/wp\/v2\/product\/250071"}],"collection":[{"href":"https:\/\/www.livrariarema.com.br\/loja\/wp-json\/wp\/v2\/product"}],"about":[{"href":"https:\/\/www.livrariarema.com.br\/loja\/wp-json\/wp\/v2\/types\/product"}],"replies":[{"embeddable":true,"href":"https:\/\/www.livrariarema.com.br\/loja\/wp-json\/wp\/v2\/comments?post=250071"}],"wp:featuredmedia":[{"embeddable":true,"href":"https:\/\/www.livrariarema.com.br\/loja\/wp-json\/wp\/v2\/media\/313706"}],"wp:attachment":[{"href":"https:\/\/www.livrariarema.com.br\/loja\/wp-json\/wp\/v2\/media?parent=250071"}],"wp:term":[{"taxonomy":"product_cat","embeddable":true,"href":"https:\/\/www.livrariarema.com.br\/loja\/wp-json\/wp\/v2\/product_cat?post=250071"},{"taxonomy":"product_tag","embeddable":true,"href":"https:\/\/www.livrariarema.com.br\/loja\/wp-json\/wp\/v2\/product_tag?post=250071"}],"curies":[{"name":"wp","href":"https:\/\/api.w.org\/{rel}","templated":true}]}}

Comentário Esperança &#8211; Nt &#8211; Apocalipse De João &#8211; Vol. 2 &#8211; Adolf Pohl

<p>Comentário Esperança do Novo Testamento &#8211; Apocalipse de João &#8211; Volume II &#8211; Do capítulo 8.2 a 22.21 &#8211; traduzido do idioma alemão: Wuppertaler Studienbibel NT.</p>
<p>Adolf Pohl é o autor que mais contribuiu para a atualização e complemento da série de Comentários Esperança do Novo Testamento.<br />
O autor afirma que o Apocalipse de João é um manuscrito ardente e contagiante. Desde os primeiros cristãos, todos os seus leitores são desafiados por este livro bíblico a um consistente serviço a Deus. O comentário traz uma estrutura geral e análise versículo a versículo. Sua característica literária contínua forma um fio narrativo que estabelece ligações que precisam ser consideradas, formando uma visão panorâmica para a interpretação clara das profecias para a igreja hoje.<br />
Esta obra é uma das mais prestigiadas de toda a série de Comentários Esperança do Novo Testamento.</p>
<p>Adolf Pohl, nascido em 1927, cresceu e estudou teologia em Hamburgo (Alemanha). Após concluir os estudos, assumiu um trabalho pastoral na antiga Alemanha Oriental. Em seguida atuou durante dois anos como redator de publicações cristãs. De 1959 a 1991 foi docente nas disciplinas de Novo Testamento e Dogmática no Seminário Teológico em Buckow (Brandenburgo), mantido por diferentes Igrejas Evangélicas Independentes da Alemanha Oriental. Ele dirigiu, juntamente com o Dr. Werner de Boor, a série Wuppertaler Studienbibel NT.</p>
<p>Estes comentários de Apocalipse I e II surgiram sob muita pressão e perigo pessoal, pois naquelaépoca o Pr. Pohl não recebeu permissão das autoridades comunistas paraescrevê-los e muito menos para editá-los. Para produzi-los foi necessáriocontrabandear os textos para a Alemanha Ocidental. Apenas pela graça de Deus eseu cuidado que a publicação destes comentários se tornou possível.</p>
<p>&#8220;Os comentários Esperança são uma ferramenta indispensável para quem estuda seriamente a Bíblia. Elaborados dentro da renomada tradição da pesquisa teológica alemã, tendo como autores nomes de peso como Werner de Boor e Fritz Rienecker, a série é útil para o estudioso, o pregador e o pastor, principalmente, por praticar uma hermenêutica de afirmação do texto bíblico e de sua autoridade para a Igreja.&#8221;<br />
Luiz Sayão &#8211; Professor, hebraista, escritor, tradutor da Bíblia e editor do programa &#8220;Rota 66&#8221; da RTM &#8211; Rádio TransMundial.</p>

<p>Comentário Esperança do Novo Testamento &#8211; Apocalipse de João &#8211; Volume II &#8211; Do capítulo 8.2 a 22.21 &#8211; traduzido&hellip;</p>
