{"id":250083,"date":"2023-08-26T11:07:48","date_gmt":"2023-08-26T14:07:48","guid":{"rendered":"https:\/\/www.livrariarema.com.br\/loja\/produtos\/sem%20categoria\/comentario-esperanca-nt-carta-aos-romanos-adolf-pohl\/"},"modified":"2024-09-04T14:03:47","modified_gmt":"2024-09-04T17:03:47","slug":"comentario-esperanca-nt-carta-aos-romanos-adolf-pohl","status":"publish","type":"product","link":"https:\/\/www.livrariarema.com.br\/loja\/produtos\/livros\/comentario-biblico\/comentario-esperanca-nt-carta-aos-romanos-adolf-pohl\/","title":{"rendered":"Coment\u00e1rio Esperan\u00e7a &#8211; Nt &#8211; Carta Aos Romanos &#8211; Adolf Pohl"},"content":{"rendered":"<p>Coment\u00e1rio Esperan\u00e7a do Novo Testamento &#8211; Carta aos Romanos &#8211; traduzido do idioma alem\u00e3o: Wuppertaler Studienbibel NT.<\/p>\n<p>Adolf Pohl \u00e9 o autor que mais contribuiu para a atualiza\u00e7\u00e3o e complemento da s\u00e9rie de Coment\u00e1rios Esperan\u00e7a do Novo Testamento.<br \/>\nIntegrado ao trabalho realizado nesta s\u00e9rie para a Carta aos G\u00e1latas, o autor explica, neste coment\u00e1rio \u00e0 Carta aos Romanos, que todos nos tornamos novamente alunos diante do poder penetrante deste livro b\u00edblico. Para ele, o tema central desta que \u00e9 a carta mais conhecida do Ap\u00f3stolo Paulo, est\u00e1 no sentido do cap. 1, v.5: &#8220;A justi\u00e7a de Deus e nossa obedi\u00eancia por f\u00e9&#8221;.<br \/>\nAdolf Pohl examina a hist\u00f3ria da interpreta\u00e7\u00e3o, debatendo com a pesquisa atual, atrav\u00e9s da exegese vers\u00edculo a vers\u00edculo, por\u00e9m tendo em perspectiva o quadro integral do texto e o prop\u00f3sito mission\u00e1rio pelo qual a Carta foi redigida.<br \/>\nEsta obra \u00e9 uma das mais prestigiadas de toda a s\u00e9rie de Coment\u00e1rios Esperan\u00e7a do Novo Testamento.<\/p>\n<p>Adolf Pohl, nascido em 1927, cresceu e estudou teologia em Hamburgo (Alemanha). Ap\u00f3s concluir os estudos, assumiu um trabalho pastoral na antiga Alemanha Oriental. Em seguida atuou durante dois anos como redator de publica\u00e7\u00f5es crist\u00e3s. De 1959 a 1991 foi docente nas disciplinas de Novo Testamento e Dogm\u00e1tica no Semin\u00e1rio Teol\u00f3gico em Buckow (Brandenburgo), mantido por diferentes Igrejas Evang\u00e9licas Independentes da Alemanha Oriental. Ele dirigiu, juntamente com o Dr. Werner de Boor, a s\u00e9rie Wuppertaler Studienbibel NT.<\/p>\n<p>Este coment\u00e1rio da Carta aos Romanos surgiu sob muita press\u00e3o e perigo pessoal, pois naquela \u00e9poca o Pr. Pohl n\u00e3o recebeu permiss\u00e3o das autoridades comunistas para escrev\u00ea-lo e muito menos para edit\u00e1-lo. Para produzi-lo foi necess\u00e1rio contrabandear os textos para a Alemanha Ocidental. Apenas pela gra\u00e7a de Deus e seu cuidado que a publica\u00e7\u00e3o deste coment\u00e1rio se tornou poss\u00edvel.<\/p>\n<p>&#8220;Os coment\u00e1rios Esperan\u00e7a s\u00e3o uma ferramenta indispens\u00e1vel para quem estuda seriamente a B\u00edblia. Elaborados dentro da renomada tradi\u00e7\u00e3o da pesquisa teol\u00f3gica alem\u00e3, tendo como autores nomes de peso como Werner de Boor e Fritz Rienecker, a s\u00e9rie \u00e9 \u00fatil para o estudioso, o pregador e o pastor, principalmente, por praticar uma hermen\u00eautica de afirma\u00e7\u00e3o do texto b\u00edblico e de sua autoridade para a Igreja.&#8221;<br \/>\nLuiz Say\u00e3o &#8211; Professor, hebraista, escritor, tradutor da B\u00edblia e editor do programa &#8220;Rota 66&#8221; da RTM &#8211; R\u00e1dio TransMundial.<\/p>\n","protected":false},"excerpt":{"rendered":"<p>Coment\u00e1rio Esperan\u00e7a do Novo Testamento &#8211; Carta aos Romanos &#8211; traduzido do idioma alem\u00e3o: Wuppertaler Studienbibel NT. Adolf Pohl \u00e9&hellip;<\/p>\n","protected":false},"featured_media":313748,"comment_status":"open","ping_status":"closed","template":"","meta":[],"product_cat":[164,134],"product_tag":[],"_links":{"self":[{"href":"https:\/\/www.livrariarema.com.br\/loja\/wp-json\/wp\/v2\/product\/250083"}],"collection":[{"href":"https:\/\/www.livrariarema.com.br\/loja\/wp-json\/wp\/v2\/product"}],"about":[{"href":"https:\/\/www.livrariarema.com.br\/loja\/wp-json\/wp\/v2\/types\/product"}],"replies":[{"embeddable":true,"href":"https:\/\/www.livrariarema.com.br\/loja\/wp-json\/wp\/v2\/comments?post=250083"}],"wp:featuredmedia":[{"embeddable":true,"href":"https:\/\/www.livrariarema.com.br\/loja\/wp-json\/wp\/v2\/media\/313748"}],"wp:attachment":[{"href":"https:\/\/www.livrariarema.com.br\/loja\/wp-json\/wp\/v2\/media?parent=250083"}],"wp:term":[{"taxonomy":"product_cat","embeddable":true,"href":"https:\/\/www.livrariarema.com.br\/loja\/wp-json\/wp\/v2\/product_cat?post=250083"},{"taxonomy":"product_tag","embeddable":true,"href":"https:\/\/www.livrariarema.com.br\/loja\/wp-json\/wp\/v2\/product_tag?post=250083"}],"curies":[{"name":"wp","href":"https:\/\/api.w.org\/{rel}","templated":true}]}}

Comentário Esperança &#8211; Nt &#8211; Carta Aos Romanos &#8211; Adolf Pohl

<p>Comentário Esperança do Novo Testamento &#8211; Carta aos Romanos &#8211; traduzido do idioma alemão: Wuppertaler Studienbibel NT.</p>
<p>Adolf Pohl é o autor que mais contribuiu para a atualização e complemento da série de Comentários Esperança do Novo Testamento.<br />
Integrado ao trabalho realizado nesta série para a Carta aos Gálatas, o autor explica, neste comentário à Carta aos Romanos, que todos nos tornamos novamente alunos diante do poder penetrante deste livro bíblico. Para ele, o tema central desta que é a carta mais conhecida do Apóstolo Paulo, está no sentido do cap. 1, v.5: &#8220;A justiça de Deus e nossa obediência por fé&#8221;.<br />
Adolf Pohl examina a história da interpretação, debatendo com a pesquisa atual, através da exegese versículo a versículo, porém tendo em perspectiva o quadro integral do texto e o propósito missionário pelo qual a Carta foi redigida.<br />
Esta obra é uma das mais prestigiadas de toda a série de Comentários Esperança do Novo Testamento.</p>
<p>Adolf Pohl, nascido em 1927, cresceu e estudou teologia em Hamburgo (Alemanha). Após concluir os estudos, assumiu um trabalho pastoral na antiga Alemanha Oriental. Em seguida atuou durante dois anos como redator de publicações cristãs. De 1959 a 1991 foi docente nas disciplinas de Novo Testamento e Dogmática no Seminário Teológico em Buckow (Brandenburgo), mantido por diferentes Igrejas Evangélicas Independentes da Alemanha Oriental. Ele dirigiu, juntamente com o Dr. Werner de Boor, a série Wuppertaler Studienbibel NT.</p>
<p>Este comentário da Carta aos Romanos surgiu sob muita pressão e perigo pessoal, pois naquela época o Pr. Pohl não recebeu permissão das autoridades comunistas para escrevê-lo e muito menos para editá-lo. Para produzi-lo foi necessário contrabandear os textos para a Alemanha Ocidental. Apenas pela graça de Deus e seu cuidado que a publicação deste comentário se tornou possível.</p>
<p>&#8220;Os comentários Esperança são uma ferramenta indispensável para quem estuda seriamente a Bíblia. Elaborados dentro da renomada tradição da pesquisa teológica alemã, tendo como autores nomes de peso como Werner de Boor e Fritz Rienecker, a série é útil para o estudioso, o pregador e o pastor, principalmente, por praticar uma hermenêutica de afirmação do texto bíblico e de sua autoridade para a Igreja.&#8221;<br />
Luiz Sayão &#8211; Professor, hebraista, escritor, tradutor da Bíblia e editor do programa &#8220;Rota 66&#8221; da RTM &#8211; Rádio TransMundial.</p>

<p>Comentário Esperança do Novo Testamento &#8211; Carta aos Romanos &#8211; traduzido do idioma alemão: Wuppertaler Studienbibel NT. Adolf Pohl é&hellip;</p>
