{"id":250087,"date":"2023-08-26T11:08:00","date_gmt":"2023-08-26T14:08:00","guid":{"rendered":"https:\/\/www.livrariarema.com.br\/loja\/produtos\/sem%20categoria\/forte-mao-de-deus-a-o-ministerio-quintuplo-jens-kaldeway\/"},"modified":"2025-08-27T09:10:30","modified_gmt":"2025-08-27T12:10:30","slug":"forte-mao-de-deus-a-o-ministerio-quintuplo-jens-kaldeway","status":"publish","type":"product","link":"https:\/\/www.livrariarema.com.br\/loja\/produtos\/livros\/estudo-biblico\/forte-mao-de-deus-a-o-ministerio-quintuplo-jens-kaldeway\/","title":{"rendered":"Forte Mao De Deus, A &#8211; O Minist\u00e9rio Qu\u00edntuplo &#8211; Jens Kaldeway"},"content":{"rendered":"<p>A forte m\u00e3o de Deus apresenta uma reflex\u00e3o sobre o minist\u00e9rio qu\u00edntuplo:<br \/>\n&#8211; O polegar &#8211; Ap\u00f3stolo;<br \/>\n&#8211; O dedo indicador &#8211; Profeta;<br \/>\n&#8211; O dedo m\u00e9dio &#8211; Mestre;<br \/>\n&#8211; O dedo anelar &#8211; Pastor;<br \/>\n&#8211; O dedo m\u00ednimo &#8211; Evangelista.<\/p>\n<p>O fundamento: &#8220;E ele designou alguns para ap\u00f3stolos, outros para profetas, outros para evangelistas, e outros para pastores e mestres&#8221; (Ef\u00e9sios 4.11)<br \/>\nA igreja tradicional est\u00e1 fortemente fixada sobre a pessoa do pastor ou l\u00edder da igreja. Seu cargo \u00e9 enfatizado. Seus dons enriquecem a igreja. Suas limita\u00e7\u00f5es inibem a igreja e s\u00e3o um peso para ele mesmo. O minist\u00e9rio qu\u00edntuplo, como apresentado neste livro, n\u00e3o \u00e9 a solu\u00e7\u00e3o patenteada para este problema. Nem tampouco para todos os problemas da igreja de Jesus. Mostra sim, um caminho vi\u00e1vel para uma lideran\u00e7a que trabalha em equipe com base nas suas voca\u00e7\u00f5es.<br \/>\nEm seu livro Jens Kaldeway descreve a manifesta\u00e7\u00e3o de cada um destes minist\u00e9rios e mostra as possibilidades do minist\u00e9rio na igreja e al\u00e9m dela. Ele responde \u00e0s perguntas mais frequentes e apresenta passos concretos para a aplica\u00e7\u00e3o pr\u00e1tica, com o objetivo de descobrir em que dire\u00e7\u00e3o seu minist\u00e9rio dever\u00e1 se desenvolver.<\/p>\n","protected":false},"excerpt":{"rendered":"<p>A forte m\u00e3o de Deus apresenta uma reflex\u00e3o sobre o minist\u00e9rio qu\u00edntuplo: &#8211; O polegar &#8211; Ap\u00f3stolo; &#8211; O dedo&hellip;<\/p>\n","protected":false},"featured_media":335961,"comment_status":"open","ping_status":"closed","template":"","meta":[],"product_cat":[161,134],"product_tag":[],"_links":{"self":[{"href":"https:\/\/www.livrariarema.com.br\/loja\/wp-json\/wp\/v2\/product\/250087"}],"collection":[{"href":"https:\/\/www.livrariarema.com.br\/loja\/wp-json\/wp\/v2\/product"}],"about":[{"href":"https:\/\/www.livrariarema.com.br\/loja\/wp-json\/wp\/v2\/types\/product"}],"replies":[{"embeddable":true,"href":"https:\/\/www.livrariarema.com.br\/loja\/wp-json\/wp\/v2\/comments?post=250087"}],"wp:featuredmedia":[{"embeddable":true,"href":"https:\/\/www.livrariarema.com.br\/loja\/wp-json\/wp\/v2\/media\/335961"}],"wp:attachment":[{"href":"https:\/\/www.livrariarema.com.br\/loja\/wp-json\/wp\/v2\/media?parent=250087"}],"wp:term":[{"taxonomy":"product_cat","embeddable":true,"href":"https:\/\/www.livrariarema.com.br\/loja\/wp-json\/wp\/v2\/product_cat?post=250087"},{"taxonomy":"product_tag","embeddable":true,"href":"https:\/\/www.livrariarema.com.br\/loja\/wp-json\/wp\/v2\/product_tag?post=250087"}],"curies":[{"name":"wp","href":"https:\/\/api.w.org\/{rel}","templated":true}]}}