{"id":250089,"date":"2023-08-26T11:08:05","date_gmt":"2023-08-26T14:08:05","guid":{"rendered":"https:\/\/www.livrariarema.com.br\/loja\/produtos\/sem%20categoria\/comentario-esperanca-nt-evangelho-de-lucas-fritz-rienecker\/"},"modified":"2026-01-26T13:21:14","modified_gmt":"2026-01-26T16:21:14","slug":"comentario-esperanca-nt-evangelho-de-lucas-fritz-rienecker","status":"publish","type":"product","link":"https:\/\/www.livrariarema.com.br\/loja\/produtos\/livros\/comentario-biblico\/comentario-esperanca-nt-evangelho-de-lucas-fritz-rienecker\/","title":{"rendered":"Comentario Esperan\u00e7a &#8211; Nt &#8211; Evangelho De Lucas &#8211; Fritz Rienecker"},"content":{"rendered":"<p>Coment\u00e1rio Esperan\u00e7a do Novo Testamento &#8211; Evangelho de Lucas &#8211; traduzido do idioma alem\u00e3o: Wuppertaler Studienbibel NT.<\/p>\n<p>Fritz Rienecker (1897-1965) escreveu este coment\u00e1rio b\u00edblico buscando, com todos os recursos dispon\u00edveis, tornar o Evangelho vivo para a atualidade e para a consci\u00eancia pessoal do leitor. Ele descreveu sua rotina de ora\u00e7\u00e3o pela assist\u00eancia do Esp\u00edrito Santo para realizar esta tarefa, juntamente com todo zelo acad\u00eamico pela exegese e pela aprecia\u00e7\u00e3o gramatical do texto.<br \/>\nIntegrado ao trabalho que ele tamb\u00e9m realizou nesta s\u00e9rie para o Evangelho de Mateus, Fritz Rienecker destaca a import\u00e2ncia para o cristianismo da passagem de Lc 9.20, em que Pedro chama Jesus Cristo de &#8220;O Ungido de Deus&#8221;. E, mais adiante, distingue precisamente o ensino de Jesus sobre o Reino de Deus (Lc 17.21), que n\u00e3o deve ser confundido com o reino messi\u00e2nico ensinado pelos fariseus da \u00e9poca.<br \/>\nO leitor encontrar\u00e1 nesta obra um precioso instrumento para a interpreta\u00e7\u00e3o b\u00edblica atualizada e edificante.<\/p>\n<p>Fritz Rienecker, te\u00f3logo alem\u00e3o formado tamb\u00e9m em Pedagogia. Ap\u00f3s escrever os seus primeiros coment\u00e1rios b\u00edblicos, o autor foi proibido de escrever pelo sistema nazista alem\u00e3o. Depois da Segunda Guerra Mundial trabalhou como pastor e professor na Universidade de Braunschweig (Alemanha) e mais tarde no Semin\u00e1rio Teol\u00f3gico St. Chrischona (Su\u00ed\u00e7a). Ele foi um dos principais editores da s\u00e9rie Wuppertaler Studienbibel NT.<\/p>\n<p>&#8220;Os coment\u00e1rios Esperan\u00e7a s\u00e3o uma ferramenta indispens\u00e1vel para quem estuda seriamente a B\u00edblia. Elaborados dentro da renomada tradi\u00e7\u00e3o da pesquisa teol\u00f3gica alem\u00e3, tendo como autores nomes de peso como Werner de Boor e Fritz Rienecker, a s\u00e9rie \u00e9 \u00fatil para o estudioso, o pregador e o pastor, principalmente, por praticar uma hermen\u00eautica de afirma\u00e7\u00e3o do texto b\u00edblico e de sua autoridade para a Igreja.&#8221;<br \/>\nLuiz Say\u00e3o &#8211; Professor, hebraista, escritor, tradutor da B\u00edblia e editor do programa &#8220;Rota 66&#8221; da RTM &#8211; R\u00e1dio TransMundial.<\/p>\n","protected":false},"excerpt":{"rendered":"<p>Coment\u00e1rio Esperan\u00e7a do Novo Testamento &#8211; Evangelho de Lucas &#8211; traduzido do idioma alem\u00e3o: Wuppertaler Studienbibel NT. Fritz Rienecker (1897-1965)&hellip;<\/p>\n","protected":false},"featured_media":343069,"comment_status":"open","ping_status":"closed","template":"","meta":[],"product_cat":[164,134],"product_tag":[],"_links":{"self":[{"href":"https:\/\/www.livrariarema.com.br\/loja\/wp-json\/wp\/v2\/product\/250089"}],"collection":[{"href":"https:\/\/www.livrariarema.com.br\/loja\/wp-json\/wp\/v2\/product"}],"about":[{"href":"https:\/\/www.livrariarema.com.br\/loja\/wp-json\/wp\/v2\/types\/product"}],"replies":[{"embeddable":true,"href":"https:\/\/www.livrariarema.com.br\/loja\/wp-json\/wp\/v2\/comments?post=250089"}],"wp:featuredmedia":[{"embeddable":true,"href":"https:\/\/www.livrariarema.com.br\/loja\/wp-json\/wp\/v2\/media\/343069"}],"wp:attachment":[{"href":"https:\/\/www.livrariarema.com.br\/loja\/wp-json\/wp\/v2\/media?parent=250089"}],"wp:term":[{"taxonomy":"product_cat","embeddable":true,"href":"https:\/\/www.livrariarema.com.br\/loja\/wp-json\/wp\/v2\/product_cat?post=250089"},{"taxonomy":"product_tag","embeddable":true,"href":"https:\/\/www.livrariarema.com.br\/loja\/wp-json\/wp\/v2\/product_tag?post=250089"}],"curies":[{"name":"wp","href":"https:\/\/api.w.org\/{rel}","templated":true}]}}

Comentario Esperança &#8211; Nt &#8211; Evangelho De Lucas &#8211; Fritz Rienecker

<p>Comentário Esperança do Novo Testamento &#8211; Evangelho de Lucas &#8211; traduzido do idioma alemão: Wuppertaler Studienbibel NT.</p>
<p>Fritz Rienecker (1897-1965) escreveu este comentário bíblico buscando, com todos os recursos disponíveis, tornar o Evangelho vivo para a atualidade e para a consciência pessoal do leitor. Ele descreveu sua rotina de oração pela assistência do Espírito Santo para realizar esta tarefa, juntamente com todo zelo acadêmico pela exegese e pela apreciação gramatical do texto.<br />
Integrado ao trabalho que ele também realizou nesta série para o Evangelho de Mateus, Fritz Rienecker destaca a importância para o cristianismo da passagem de Lc 9.20, em que Pedro chama Jesus Cristo de &#8220;O Ungido de Deus&#8221;. E, mais adiante, distingue precisamente o ensino de Jesus sobre o Reino de Deus (Lc 17.21), que não deve ser confundido com o reino messiânico ensinado pelos fariseus da época.<br />
O leitor encontrará nesta obra um precioso instrumento para a interpretação bíblica atualizada e edificante.</p>
<p>Fritz Rienecker, teólogo alemão formado também em Pedagogia. Após escrever os seus primeiros comentários bíblicos, o autor foi proibido de escrever pelo sistema nazista alemão. Depois da Segunda Guerra Mundial trabalhou como pastor e professor na Universidade de Braunschweig (Alemanha) e mais tarde no Seminário Teológico St. Chrischona (Suíça). Ele foi um dos principais editores da série Wuppertaler Studienbibel NT.</p>
<p>&#8220;Os comentários Esperança são uma ferramenta indispensável para quem estuda seriamente a Bíblia. Elaborados dentro da renomada tradição da pesquisa teológica alemã, tendo como autores nomes de peso como Werner de Boor e Fritz Rienecker, a série é útil para o estudioso, o pregador e o pastor, principalmente, por praticar uma hermenêutica de afirmação do texto bíblico e de sua autoridade para a Igreja.&#8221;<br />
Luiz Sayão &#8211; Professor, hebraista, escritor, tradutor da Bíblia e editor do programa &#8220;Rota 66&#8221; da RTM &#8211; Rádio TransMundial.</p>

<p>Comentário Esperança do Novo Testamento &#8211; Evangelho de Lucas &#8211; traduzido do idioma alemão: Wuppertaler Studienbibel NT. Fritz Rienecker (1897-1965)&hellip;</p>
