{"id":250587,"date":"2023-08-30T17:21:27","date_gmt":"2023-08-30T20:21:27","guid":{"rendered":"https:\/\/www.livrariarema.com.br\/loja\/produtos\/sem categoria\/caderno-disco-buendia-colegial-pandinha-80-folhas\/"},"modified":"2023-08-30T17:21:27","modified_gmt":"2023-08-30T20:21:27","slug":"caderno-disco-buendia-colegial-pandinha-80-folhas","status":"publish","type":"product","link":"https:\/\/www.livrariarema.com.br\/loja\/produtos\/papelaria\/caderno\/caderno-disco-buendia-colegial-pandinha-80-folhas\/","title":{"rendered":"Caderno Disco &#8211; Buendia &#8211; Colegial &#8211; Pandinha &#8211; 80 Folhas"},"content":{"rendered":"<p>Os Cadernos de Disco da Buend\u00eda est\u00e3o cada vez melhores! Eles s\u00e3o vers\u00e1teis, pr\u00e1ticos e tem uma capa mais linda que a outra!<\/p>\n<p>Detalhes:<\/p>\n<p>Este caderno cont\u00e9m 80 folhas pautadas (com linhas)<br \/>\nAs pautas s\u00e3o super suaves e clean! Mais paz e serenidade para os olhos <br \/>\nAs folhas s\u00e3o offset em gramatura 90gr. Isso significa um caderno mais bonito e menos marca\u00e7\u00f5es de caneta no verso das p\u00e1ginas<br \/>\nCapa dura com lamina\u00e7\u00e3o fosca, resistente e elegante! Decorada no exterior e parte interna.<br \/>\nLinda folha de identifica\u00e7\u00e3o colorida e decorada com o tema do caderno, em papel 150gr<br \/>\nEl\u00e1stico para fechar seu caderno e lev\u00e1-lo por a\u00ed! <br \/>\nInclui 4 divis\u00f3rias coloridas em papel 240g!<\/p>\n","protected":false},"excerpt":{"rendered":"<p>Os Cadernos de Disco da Buend\u00eda est\u00e3o cada vez melhores! Eles s\u00e3o vers\u00e1teis, pr\u00e1ticos e tem uma capa mais linda&hellip;<\/p>\n","protected":false},"featured_media":250586,"comment_status":"open","ping_status":"closed","template":"","meta":[],"product_cat":[230,215],"product_tag":[],"_links":{"self":[{"href":"https:\/\/www.livrariarema.com.br\/loja\/wp-json\/wp\/v2\/product\/250587"}],"collection":[{"href":"https:\/\/www.livrariarema.com.br\/loja\/wp-json\/wp\/v2\/product"}],"about":[{"href":"https:\/\/www.livrariarema.com.br\/loja\/wp-json\/wp\/v2\/types\/product"}],"replies":[{"embeddable":true,"href":"https:\/\/www.livrariarema.com.br\/loja\/wp-json\/wp\/v2\/comments?post=250587"}],"wp:featuredmedia":[{"embeddable":true,"href":"https:\/\/www.livrariarema.com.br\/loja\/wp-json\/wp\/v2\/media\/250586"}],"wp:attachment":[{"href":"https:\/\/www.livrariarema.com.br\/loja\/wp-json\/wp\/v2\/media?parent=250587"}],"wp:term":[{"taxonomy":"product_cat","embeddable":true,"href":"https:\/\/www.livrariarema.com.br\/loja\/wp-json\/wp\/v2\/product_cat?post=250587"},{"taxonomy":"product_tag","embeddable":true,"href":"https:\/\/www.livrariarema.com.br\/loja\/wp-json\/wp\/v2\/product_tag?post=250587"}],"curies":[{"name":"wp","href":"https:\/\/api.w.org\/{rel}","templated":true}]}}