{"id":252894,"date":"2023-09-15T11:29:34","date_gmt":"2023-09-15T14:29:34","guid":{"rendered":"https:\/\/www.livrariarema.com.br\/loja\/produtos\/sem%20categoria\/pedras-do-ribeiro-richard-newton\/"},"modified":"2026-01-29T15:00:23","modified_gmt":"2026-01-29T18:00:23","slug":"pedras-do-ribeiro-richard-newton","status":"publish","type":"product","link":"https:\/\/www.livrariarema.com.br\/loja\/produtos\/livros\/juvenil\/pedras-do-ribeiro-richard-newton\/","title":{"rendered":"Pedras Do Ribeiro &#8211; Richard Newton"},"content":{"rendered":"<p>Pedras no Ribeiro apresenta serm\u00f5es escritos pelo pastor Richard Newton para crian\u00e7as que est\u00e3o combatendo o bom combate da f\u00e9.<\/p>\n<p>&#8220;Cada por\u00e7\u00e3o da Palavra de Deus \u00e9 uma pedra que devemos usar na luta contra o pecado.  Se buscarmos a ajuda de Deus, para que ele nos capacite a usar essas pedras, como nosso bendito Mestre Jesus, seremos vitoriosos contra as tenta\u00e7\u00f5es.<\/p>\n<p>Se as pedras escolhidas do riacho para este livro forem \u00fateis para qualquer jovem em seu conflito contra os gigantes males ao seu redor, o objetivo do autor ao preparar este pequeno volume ter\u00e1 sido atingido.&#8221; &#8211; Richard Newton<\/p>\n","protected":false},"excerpt":{"rendered":"<p>Pedras no Ribeiro apresenta serm\u00f5es escritos pelo pastor Richard Newton para crian\u00e7as que est\u00e3o combatendo o bom combate da f\u00e9.&hellip;<\/p>\n","protected":false},"featured_media":283797,"comment_status":"open","ping_status":"closed","template":"","meta":[],"product_cat":[184,134],"product_tag":[],"_links":{"self":[{"href":"https:\/\/www.livrariarema.com.br\/loja\/wp-json\/wp\/v2\/product\/252894"}],"collection":[{"href":"https:\/\/www.livrariarema.com.br\/loja\/wp-json\/wp\/v2\/product"}],"about":[{"href":"https:\/\/www.livrariarema.com.br\/loja\/wp-json\/wp\/v2\/types\/product"}],"replies":[{"embeddable":true,"href":"https:\/\/www.livrariarema.com.br\/loja\/wp-json\/wp\/v2\/comments?post=252894"}],"wp:featuredmedia":[{"embeddable":true,"href":"https:\/\/www.livrariarema.com.br\/loja\/wp-json\/wp\/v2\/media\/283797"}],"wp:attachment":[{"href":"https:\/\/www.livrariarema.com.br\/loja\/wp-json\/wp\/v2\/media?parent=252894"}],"wp:term":[{"taxonomy":"product_cat","embeddable":true,"href":"https:\/\/www.livrariarema.com.br\/loja\/wp-json\/wp\/v2\/product_cat?post=252894"},{"taxonomy":"product_tag","embeddable":true,"href":"https:\/\/www.livrariarema.com.br\/loja\/wp-json\/wp\/v2\/product_tag?post=252894"}],"curies":[{"name":"wp","href":"https:\/\/api.w.org\/{rel}","templated":true}]}}