{"id":252979,"date":"2023-09-15T16:16:54","date_gmt":"2023-09-15T19:16:54","guid":{"rendered":"https:\/\/www.livrariarema.com.br\/loja\/produtos\/sem categoria\/liberdade-da-vontade-a-jonathan-edwards\/"},"modified":"2026-02-20T13:19:39","modified_gmt":"2026-02-20T16:19:39","slug":"liberdade-da-vontade-a-jonathan-edwards","status":"publish","type":"product","link":"https:\/\/www.livrariarema.com.br\/loja\/produtos\/livros\/teologia\/liberdade-da-vontade-a-jonathan-edwards\/","title":{"rendered":"Liberdade Da Vontade, A &#8211; Jonathan Edwards"},"content":{"rendered":"<p>Uma obra impactante que serve como um guia filos\u00f3fico-teol\u00f3gico para o livre-arb\u00edtrio das pessoas, sua ag\u00eancia moral e nossa responsabilidade perante Deus.<\/p>\n<p>Jonathan Edwards escreveu esta obra em 1754, quando servia em Massachussetts como mission\u00e1rio para uma tribo nativa de \u00edndios Housatonic. Edwards, um dos fil\u00f3sofos e te\u00f3logos mais proeminentes dos Estados Unidos, trata com profundidade os pontos de vistas contrastantes de calvinistas e arminianos como livre-arb\u00edtrio, presci\u00eancia de Deus, determinismo, ag\u00eancia moral, al\u00e9m de outros assuntos.<\/p>\n<p>Para tentar resolver todas essas quest\u00f5es, Edwards usa a B\u00edblia, as obras filos\u00f3ficas e tamb\u00e9m recorre aos pensadores iluministas. Al\u00e9m disso, enfatiza o racioc\u00ednio filos\u00f3fico, mas se esfor\u00e7a para educar seus leitores ao definir termos confusos e explicar passagens controversas com profundidade. <\/p>\n<p>A liberdade da vontade \u00e9 relevante para todo crist\u00e3o, pois tamb\u00e9m aborda quest\u00f5es dif\u00edceis acerca do desejo, da escolha, do bem e do mal.<\/p>\n","protected":false},"excerpt":{"rendered":"<p>Uma obra impactante que serve como um guia filos\u00f3fico-teol\u00f3gico para o livre-arb\u00edtrio das pessoas, sua ag\u00eancia moral e nossa responsabilidade&hellip;<\/p>\n","protected":false},"featured_media":345019,"comment_status":"open","ping_status":"closed","template":"","meta":[],"product_cat":[134,136],"product_tag":[],"_links":{"self":[{"href":"https:\/\/www.livrariarema.com.br\/loja\/wp-json\/wp\/v2\/product\/252979"}],"collection":[{"href":"https:\/\/www.livrariarema.com.br\/loja\/wp-json\/wp\/v2\/product"}],"about":[{"href":"https:\/\/www.livrariarema.com.br\/loja\/wp-json\/wp\/v2\/types\/product"}],"replies":[{"embeddable":true,"href":"https:\/\/www.livrariarema.com.br\/loja\/wp-json\/wp\/v2\/comments?post=252979"}],"wp:featuredmedia":[{"embeddable":true,"href":"https:\/\/www.livrariarema.com.br\/loja\/wp-json\/wp\/v2\/media\/345019"}],"wp:attachment":[{"href":"https:\/\/www.livrariarema.com.br\/loja\/wp-json\/wp\/v2\/media?parent=252979"}],"wp:term":[{"taxonomy":"product_cat","embeddable":true,"href":"https:\/\/www.livrariarema.com.br\/loja\/wp-json\/wp\/v2\/product_cat?post=252979"},{"taxonomy":"product_tag","embeddable":true,"href":"https:\/\/www.livrariarema.com.br\/loja\/wp-json\/wp\/v2\/product_tag?post=252979"}],"curies":[{"name":"wp","href":"https:\/\/api.w.org\/{rel}","templated":true}]}}