{"id":253005,"date":"2023-09-15T16:18:11","date_gmt":"2023-09-15T19:18:11","guid":{"rendered":"https:\/\/www.livrariarema.com.br\/loja\/produtos\/sem categoria\/direito-religioso-thiago-rafael-vieira-e-jean-marques-regina\/"},"modified":"2026-02-20T12:55:38","modified_gmt":"2026-02-20T15:55:38","slug":"direito-religioso-thiago-rafael-vieira-e-jean-marques-regina","status":"publish","type":"product","link":"https:\/\/www.livrariarema.com.br\/loja\/produtos\/promocao\/livros-promocao\/direito-religioso-thiago-rafael-vieira-e-jean-marques-regina\/","title":{"rendered":"Direito Religioso &#8211; Thiago Rafael Vieira E Jean Marques Regina"},"content":{"rendered":"<p>Direito religioso \u00e9 uma ferramenta pr\u00e1tica para pastores, presb\u00edteros e demais l\u00edderes religiosos lidarem com quest\u00f5es jur\u00eddicas di\u00e1rias na igreja. Al\u00e9m disso, o livro tamb\u00e9m tem o prop\u00f3sito de tornar o Direito Religioso uma \u00e1rea aut\u00f4noma do Direito, sendo uma ferramenta tamb\u00e9m para advogados, ju\u00edzes, promotores, professores, acad\u00eamicos e demais operadores do direito.<\/p>\n<p>Como advogados especializados no atendimento a in\u00fameras igrejas e entidades confessionais no pa\u00eds, os autores abordam quest\u00f5es te\u00f3ricas profundas sem perder o olhar pr\u00e1tico adquirido pela sua experi\u00eancia profissional.<\/p>\n<p>Esta nova edi\u00e7\u00e3o conta com atualiza\u00e7\u00f5es legislativas at\u00e9 mar\u00e7o de 2023, e, al\u00e9m de v\u00e1rias revis\u00f5es e acr\u00e9scimos, inclui novas se\u00e7\u00f5es sobre a autonomia constitucional do Direito Religioso, a igreja e as elei\u00e7\u00f5es, usucapi\u00e3o extrajudicial e, em especial, o direito de pregar e o discurso de \u00f3dio.<\/p>\n","protected":false},"excerpt":{"rendered":"<p>Direito religioso \u00e9 uma ferramenta pr\u00e1tica para pastores, presb\u00edteros e demais l\u00edderes religiosos lidarem com quest\u00f5es jur\u00eddicas di\u00e1rias na igreja.&hellip;<\/p>\n","protected":false},"featured_media":344946,"comment_status":"open","ping_status":"closed","template":"","meta":[],"product_cat":[143,142],"product_tag":[],"_links":{"self":[{"href":"https:\/\/www.livrariarema.com.br\/loja\/wp-json\/wp\/v2\/product\/253005"}],"collection":[{"href":"https:\/\/www.livrariarema.com.br\/loja\/wp-json\/wp\/v2\/product"}],"about":[{"href":"https:\/\/www.livrariarema.com.br\/loja\/wp-json\/wp\/v2\/types\/product"}],"replies":[{"embeddable":true,"href":"https:\/\/www.livrariarema.com.br\/loja\/wp-json\/wp\/v2\/comments?post=253005"}],"wp:featuredmedia":[{"embeddable":true,"href":"https:\/\/www.livrariarema.com.br\/loja\/wp-json\/wp\/v2\/media\/344946"}],"wp:attachment":[{"href":"https:\/\/www.livrariarema.com.br\/loja\/wp-json\/wp\/v2\/media?parent=253005"}],"wp:term":[{"taxonomy":"product_cat","embeddable":true,"href":"https:\/\/www.livrariarema.com.br\/loja\/wp-json\/wp\/v2\/product_cat?post=253005"},{"taxonomy":"product_tag","embeddable":true,"href":"https:\/\/www.livrariarema.com.br\/loja\/wp-json\/wp\/v2\/product_tag?post=253005"}],"curies":[{"name":"wp","href":"https:\/\/api.w.org\/{rel}","templated":true}]}}

<p>Direito religioso é uma ferramenta prática para pastores, presbíteros e demais líderes religiosos lidarem com questões jurídicas diárias na igreja. Além disso, o livro também tem o propósito de tornar o Direito Religioso uma área autônoma do Direito, sendo uma ferramenta também para advogados, juízes, promotores, professores, acadêmicos e demais operadores do direito.</p>
<p>Como advogados especializados no atendimento a inúmeras igrejas e entidades confessionais no país, os autores abordam questões teóricas profundas sem perder o olhar prático adquirido pela sua experiência profissional.</p>
<p>Esta nova edição conta com atualizações legislativas até março de 2023, e, além de várias revisões e acréscimos, inclui novas seções sobre a autonomia constitucional do Direito Religioso, a igreja e as eleições, usucapião extrajudicial e, em especial, o direito de pregar e o discurso de ódio.</p>

<p>Direito religioso é uma ferramenta prática para pastores, presbíteros e demais líderes religiosos lidarem com questões jurídicas diárias na igreja.&hellip;</p>
