{"id":253118,"date":"2023-09-16T10:28:29","date_gmt":"2023-09-16T13:28:29","guid":{"rendered":"https:\/\/www.livrariarema.com.br\/loja\/produtos\/sem categoria\/licoes-evangelisticas-o-espirito-santo-cartazes\/"},"modified":"2024-09-18T09:58:36","modified_gmt":"2024-09-18T12:58:36","slug":"licoes-evangelisticas-o-espirito-santo-cartazes","status":"publish","type":"product","link":"https:\/\/www.livrariarema.com.br\/loja\/produtos\/diversos\/flanelografo-e-cartazes\/licoes-evangelisticas-o-espirito-santo-cartazes\/","title":{"rendered":"Li\u00e7\u00f5es Evangel\u00edsticas &#8211; O Esp\u00edrito Santo &#8211; Cartazes"},"content":{"rendered":"<p>5 li\u00e7\u00f5es em cartazes que apresentam grandes verdades sobre a Pessoa e a Obra do Esp\u00edrito Santo.<br \/>\n1) O Esp\u00edrito Santo \u00e9 Deus, uma das Pessoas da Trindade<br \/>\n2) Ele \u00e9 o Autor da B\u00edblia<br \/>\n3) Ele nos d\u00e1 a nova vida<br \/>\n4) Ele vive naquele que creu em Jesus<br \/>\n5) Ele ajuda os salvos a agradar a Deus.<\/p>\n<p>Inclui: Figuras em espiral e roteiro separado em brochura<\/p>\n","protected":false},"excerpt":{"rendered":"<p>5 li\u00e7\u00f5es em cartazes que apresentam grandes verdades sobre a Pessoa e a Obra do Esp\u00edrito Santo. 1) O Esp\u00edrito&hellip;<\/p>\n","protected":false},"featured_media":315298,"comment_status":"open","ping_status":"closed","template":"","meta":[],"product_cat":[132,133],"product_tag":[],"_links":{"self":[{"href":"https:\/\/www.livrariarema.com.br\/loja\/wp-json\/wp\/v2\/product\/253118"}],"collection":[{"href":"https:\/\/www.livrariarema.com.br\/loja\/wp-json\/wp\/v2\/product"}],"about":[{"href":"https:\/\/www.livrariarema.com.br\/loja\/wp-json\/wp\/v2\/types\/product"}],"replies":[{"embeddable":true,"href":"https:\/\/www.livrariarema.com.br\/loja\/wp-json\/wp\/v2\/comments?post=253118"}],"wp:featuredmedia":[{"embeddable":true,"href":"https:\/\/www.livrariarema.com.br\/loja\/wp-json\/wp\/v2\/media\/315298"}],"wp:attachment":[{"href":"https:\/\/www.livrariarema.com.br\/loja\/wp-json\/wp\/v2\/media?parent=253118"}],"wp:term":[{"taxonomy":"product_cat","embeddable":true,"href":"https:\/\/www.livrariarema.com.br\/loja\/wp-json\/wp\/v2\/product_cat?post=253118"},{"taxonomy":"product_tag","embeddable":true,"href":"https:\/\/www.livrariarema.com.br\/loja\/wp-json\/wp\/v2\/product_tag?post=253118"}],"curies":[{"name":"wp","href":"https:\/\/api.w.org\/{rel}","templated":true}]}}