{"id":253410,"date":"2023-09-18T12:36:46","date_gmt":"2023-09-18T15:36:46","guid":{"rendered":"https:\/\/www.livrariarema.com.br\/loja\/produtos\/sem%20categoria\/triade-do-poder-marcio-micheli\/"},"modified":"2025-05-09T12:54:25","modified_gmt":"2025-05-09T15:54:25","slug":"triade-do-poder-marcio-micheli","status":"publish","type":"product","link":"https:\/\/www.livrariarema.com.br\/loja\/produtos\/promocao\/livros-promocao\/triade-do-poder-marcio-micheli\/","title":{"rendered":"Tr\u00edade Do Poder &#8211; Marcio Micheli"},"content":{"rendered":"<p>Cada um de n\u00f3s nasceu com potencial para empreender uma jornada rumo ao extraordin\u00e1rio. Neste livro, o autor aponta o caminho para a descoberta do seu &#8220;o qu\u00ea&#8221; (vis\u00e3o estrat\u00e9gica), a fim de que possa encarar e superar os desafios por meio do &#8220;como&#8221; (vis\u00e3o operacional) e cumprir o prop\u00f3sito de sua exist\u00eancia. Tr\u00edade do Poder \u00e9 uma obra que o levar\u00e1 a questionar a si mesmo e tudo o que viveu at\u00e9 agora. Assim, voc\u00ea ser\u00e1 capaz de desvendar todo o seu potencial para viver uma vida plena e significativa de acordo com os planos de Deus.<\/p>\n","protected":false},"excerpt":{"rendered":"<p>Cada um de n\u00f3s nasceu com potencial para empreender uma jornada rumo ao extraordin\u00e1rio. Neste livro, o autor aponta o&hellip;<\/p>\n","protected":false},"featured_media":330877,"comment_status":"open","ping_status":"closed","template":"","meta":[],"product_cat":[143,142],"product_tag":[],"_links":{"self":[{"href":"https:\/\/www.livrariarema.com.br\/loja\/wp-json\/wp\/v2\/product\/253410"}],"collection":[{"href":"https:\/\/www.livrariarema.com.br\/loja\/wp-json\/wp\/v2\/product"}],"about":[{"href":"https:\/\/www.livrariarema.com.br\/loja\/wp-json\/wp\/v2\/types\/product"}],"replies":[{"embeddable":true,"href":"https:\/\/www.livrariarema.com.br\/loja\/wp-json\/wp\/v2\/comments?post=253410"}],"wp:featuredmedia":[{"embeddable":true,"href":"https:\/\/www.livrariarema.com.br\/loja\/wp-json\/wp\/v2\/media\/330877"}],"wp:attachment":[{"href":"https:\/\/www.livrariarema.com.br\/loja\/wp-json\/wp\/v2\/media?parent=253410"}],"wp:term":[{"taxonomy":"product_cat","embeddable":true,"href":"https:\/\/www.livrariarema.com.br\/loja\/wp-json\/wp\/v2\/product_cat?post=253410"},{"taxonomy":"product_tag","embeddable":true,"href":"https:\/\/www.livrariarema.com.br\/loja\/wp-json\/wp\/v2\/product_tag?post=253410"}],"curies":[{"name":"wp","href":"https:\/\/api.w.org\/{rel}","templated":true}]}}